{"id":9286,"date":"2018-11-29T12:13:33","date_gmt":"2018-11-29T10:13:33","guid":{"rendered":"https:\/\/www.sonnenklar.tv\/blog\/?page_id=9286"},"modified":"2025-12-12T16:04:16","modified_gmt":"2025-12-12T15:04:16","slug":"was-ist-ein-roadtrip","status":"publish","type":"page","link":"https:\/\/www.sonnenklar.tv\/blog\/reiselexikon\/was-ist-ein-roadtrip\/","title":{"rendered":"Was ist ein Roadtrip?"},"content":{"rendered":"\n<p><strong>In amerikanischen Filmen ist gerne die Rede davon und auch einige Bestseller unter den B\u00fcchern drehen sich um ihn: den Roadtrip. Doch was genau verbirgt sich eigentlich hinter dem Begriff? Die Bezeichnung Roadtrip beschreibt eine spezielle Form des Reisens mit einem PKW oder Wohnwagen, wobei die Route nur grob oder gar nicht geplant ist und Spontanit\u00e4t und Flexibilit\u00e4t wichtige Aspekte der Reise sind.<\/strong><\/p>\n\n\n\n<hr class=\"wp-block-separator has-css-opacity\"\/>\n\n\n\n<p><strong>Inhaltsverzeichnis<\/strong><\/p>\n\n\n\n<ul class=\"wp-block-list\">\n<li><a href=\"#roadtrip-bedeutung\">Was ist typisch f\u00fcr einen Roadtrip?<\/a><\/li>\n\n\n\n<li><a href=\"#roadtrip-planen\">Wie wird ein Roadtrip geplant und was geh\u00f6rt ins Gep\u00e4ck?<\/a>\n<ul class=\"wp-block-list\">\n<li><a href=\"#roadtrip-packliste\">Packliste f\u00fcr den Roadtrip<\/a><\/li>\n<\/ul>\n<\/li>\n\n\n\n<li><a href=\"#roadtrip-vorteile-nachteile\">F\u00fcr wen ist ein Roadtrip geeignet?<\/a><\/li>\n\n\n\n<li><a href=\"#roadtrip-was-ist-zu-beachten\">Was gibt es bei einem Roadtrip zu beachten?<\/a><\/li>\n\n\n\n<li><a href=\"#roadtrip-tipps\">Tipps f\u00fcr unvergessliche Roadtrip Routen<\/a><\/li>\n<\/ul>\n\n\n\n<hr class=\"wp-block-separator has-css-opacity\"\/>\n\n\n\n<h2 class=\"wp-block-heading\"><a name=\"roadtrip-bedeutung\"><\/a>Was ist typisch f\u00fcr einen Roadtrip?<\/h2>\n\n\n\n<p>Ganz typisch f\u00fcr einen Roadtrip ist, dass es <strong>keine festen Pl\u00e4ne und Vorgaben<\/strong> gibt. Statt einer Reiseroute zu folgen, lasst ihr euch von Lust und Laune treiben und bleibt so lange an einem Ort, wie es euch dort gef\u00e4llt. Durch diese spontane und <strong>flexible Reiseart<\/strong> lernt ihr h\u00e4ufig Orte abseits des klassischen Tourismus kennen und taucht tief in das traditionelle Leben der Bev\u00f6lkerung ein. Typisch ist nat\u00fcrlich auch, dass ihr viel Zeit auf der Stra\u00dfe unterwegs seid und dabei an imposanten Orten anhaltet. Ein klassisches Gef\u00e4hrt f\u00fcr einen Roadtrip gibt es \u00fcbrigens nicht, denn ihr k\u00f6nnt sowohl mit dem PKW als auch mit einem <strong>Wohnwagen<\/strong> reisen.<\/p>\n\n\n\n<h2 class=\"wp-block-heading\"><a name=\"roadtrip-planen\"><\/a>Wie wird ein Roadtrip geplant und was geh\u00f6rt ins Gep\u00e4ck?<\/h2>\n\n\n\n<p>Es klingt im ersten Moment zwar etwas paradox, doch auch ein Roadtrip erfordert etwas Planung. Zun\u00e4chst m\u00fcssen das grobe <strong>Reisegebiet<\/strong> und der <strong>Reisezeitraum<\/strong> festgelegt werden. Au\u00dferdem ist es meistens ratsam, entweder einen grob abgesteckten Rundkurs im Auge zu haben, oder einen Anfangs- und Endpunkt der Reise festzulegen. Das ist h\u00e4ufig notwendig, um Mietwagen zu buchen und die An- und Abreise zu planen. Je nach Reiseland k\u00f6nnen gewisse <strong>Formalit\u00e4ten<\/strong> im Vorfeld notwendig sein. Dazu geh\u00f6ren Visa, erforderliche Impfungen, der Tausch von Bargeld in die Landesw\u00e4hrung und \u00e4hnliches.<\/p>\n\n\n\n<h3 class=\"wp-block-heading\"><a name=\"roadtrip-packliste\"><\/a>Packliste f\u00fcr den Roadtrip:<\/h3>\n\n\n\n<ul class=\"wp-block-list\">\n<li>ausreichend Wasser<\/li>\n\n\n\n<li>Kleidung passend zum Wetter<\/li>\n\n\n\n<li>Hygieneartikel und Pflegeprodukte nach individuellem Bedarf<\/li>\n\n\n\n<li>Pannenset f\u00fcr das Fahrzeug<\/li>\n\n\n\n<li>Handy und Navigationsger\u00e4t mit Ersatzakku und Ladekabel<\/li>\n\n\n\n<li>eventuell Zelt und Campingausstattung<\/li>\n\n\n\n<li>K\u00fchltasche f\u00fcr gut gek\u00fchlte Drinks und Snacks unterwegs<\/li>\n\n\n\n<li>Medikamente und Notfallset<\/li>\n<\/ul>\n\n\n\n<h2 class=\"wp-block-heading\"><a name=\"roadtrip-vorteile-nachteile\"><\/a>F\u00fcr wen ist ein Roadtrip geeignet?<\/h2>\n\n\n\n<p>Idealerweise seid ihr <strong>spontan und etwas abenteuerlustig<\/strong>, wenn ihr demn\u00e4chst zu einem Roadtrip aufbrechen m\u00f6chtet. Wer gerne alles bis ins kleine Detail plant und vorbereitet, der wird an dieser Form des Reisens wahrscheinlich wenig Freude haben. Grunds\u00e4tzlich kann jedoch jeder zu einem Roadtrip aufbrechen. Um erste Erfahrungen damit zu sammeln, muss die Reise ja nicht gleich in die USA f\u00fchren oder auf einen ganzen Monat ausgelegt sein. Stattdessen fangt ihr klein an und beginnt vielleicht direkt vor der Haust\u00fcr mit einem <strong>einw\u00f6chigen Roadtrip durch Deutschland<\/strong>. Ihr werdet \u00fcberrascht sein, was es dabei alles zu entdecken gibt.<\/p>\n\n\n\n<figure class=\"wp-block-image size-large\"><a href=\"https:\/\/www.sonnenklar.tv\/blog\/wp-content\/uploads\/2025\/02\/reiselexikon-roadtrip-1.jpg\"><img fetchpriority=\"high\" decoding=\"async\" width=\"880\" height=\"450\" src=\"https:\/\/www.sonnenklar.tv\/blog\/wp-content\/uploads\/2025\/02\/reiselexikon-roadtrip-1.jpg\" alt=\"Roadtrip: Stra\u00dfe mit rotem Auto aus Vogelperspektive\" class=\"wp-image-34541\" srcset=\"https:\/\/www.sonnenklar.tv\/blog\/wp-content\/uploads\/2025\/02\/reiselexikon-roadtrip-1.jpg 880w, https:\/\/www.sonnenklar.tv\/blog\/wp-content\/uploads\/2025\/02\/reiselexikon-roadtrip-1-800x409.jpg 800w, https:\/\/www.sonnenklar.tv\/blog\/wp-content\/uploads\/2025\/02\/reiselexikon-roadtrip-1-120x61.jpg 120w, https:\/\/www.sonnenklar.tv\/blog\/wp-content\/uploads\/2025\/02\/reiselexikon-roadtrip-1-90x46.jpg 90w, https:\/\/www.sonnenklar.tv\/blog\/wp-content\/uploads\/2025\/02\/reiselexikon-roadtrip-1-320x164.jpg 320w, https:\/\/www.sonnenklar.tv\/blog\/wp-content\/uploads\/2025\/02\/reiselexikon-roadtrip-1-560x286.jpg 560w\" sizes=\"(max-width: 880px) 100vw, 880px\" \/><\/a><figcaption class=\"wp-element-caption\">Was ist ein Roadtrip?<\/figcaption><\/figure>\n\n\n\n<h2 class=\"wp-block-heading\"><a name=\"roadtrip-was-ist-zu-beachten\"><\/a>Was gibt es bei einem Roadtrip zu beachten?<\/h2>\n\n\n\n<p>Da bei einem Roadtrip viel Zeit auf den Stra\u00dfen des jeweiligen Reisegebiets verbracht wird, solltet ihr euch vorab gr\u00fcndlich mit den <strong>Verkehrsregeln<\/strong> befassen. L\u00e4nderspezifische Besonderheiten lassen sich schnell recherchieren und diese Vorbereitung sch\u00fctzt euch im Zweifelsfall vor Bu\u00dfgeldern. Solltet ihr w\u00e4hrend eures Trips mehrere L\u00e4nder bereisen, informiert euch vorab \u00fcber <strong>Einreisebestimmungen<\/strong>! Eventuell ben\u00f6tigt ihr Visa oder besondere Dokumente.<\/p>\n\n\n\n<h2 class=\"wp-block-heading\"><a name=\"roadtrip-tipps\"><\/a>Tipps f\u00fcr unvergessliche Roadtrip Routen<\/h2>\n\n\n\n<p>Einen Roadtrip k\u00f6nnt ihr genau genommen \u00fcberall auf der Welt machen. Besonders beliebt sind die <strong>nordeurop\u00e4ischen L\u00e4nder<\/strong> wie Schweden, Finnland, Norwegen, D\u00e4nemark und Island. Doch auch die Highlands in Schottland und die K\u00fcstenregion Irlands werden gerne f\u00fcr Roadtrips genutzt. Im Sommer zieht es einige Reisende auch in den warmen S\u00fcden, wo sich Frankreich, Spanien und Portugal ideal f\u00fcr einen Roadtrip eignen. Bei Fernreisen sind der <strong>Highway No. 1 in den USA<\/strong>, die endlosen Weiten <strong>Kanadas<\/strong>, die K\u00fcstenstra\u00dfen in <strong>Neuseeland<\/strong>, die K\u00fcstenregion <strong>Australiens<\/strong> und <strong>S\u00fcdafrika<\/strong> beliebte Gebiete f\u00fcr Roadtrips.<\/p>\n\n\n\n<div class=\"wp-block-buttons is-horizontal is-content-justification-center is-layout-flex wp-container-core-buttons-is-layout-499968f5 wp-block-buttons-is-layout-flex\">\n<div class=\"wp-block-button\"><a class=\"wp-block-button__link wp-element-button\" href=\"https:\/\/www.sonnenklar.tv\/tv-specials\/rundreisen.html\" target=\"_blank\" rel=\"noreferrer noopener\">Rundreisen &#8211; zu den angeboten<\/a><\/div>\n<\/div>\n\n\n\n<h3 class=\"wp-block-heading\">Mehr zum Thema Reiseart:<\/h3>\n\n\n\n<p><a href=\"https:\/\/www.sonnenklar.tv\/blog\/reiselexikon\/backpacking-bedeutung\/\">Backpacking<\/a> \u00a0 \u00a0<a href=\"https:\/\/www.sonnenklar.tv\/blog\/reiselexikon\/cluburlaub-bedeutung\/\" target=\"_blank\" rel=\"noreferrer noopener\">Cluburlaub<\/a> \u00a0 \u00a0<a href=\"https:\/\/www.sonnenklar.tv\/blog\/reiselexikon\/glamping-bedeutung\/\">Glamping<\/a>\u00a0 \u00a0 <a href=\"https:\/\/www.sonnenklar.tv\/blog\/reiselexikon\/individualreise-bedeutung\/\">Individualreise<\/a>\u00a0 \u00a0 <a href=\"https:\/\/www.sonnenklar.tv\/blog\/reiselexikon\/inselhopping-bedeutung\/\">Inselhopping<\/a>\u00a0 \u00a0 <a href=\"https:\/\/www.sonnenklar.tv\/blog\/reiselexikon\/kreuzfahrt-bedeutung\/\">Kreuzfahrt<\/a>\u00a0 \u00a0 <a href=\"https:\/\/www.sonnenklar.tv\/blog\/reiselexikon\/langzeiturlaub-bedeutung\/\">Langzeiturlaub<\/a>\u00a0 \u00a0 <a href=\"https:\/\/www.sonnenklar.tv\/blog\/reiselexikon\/last-minute-bedeutung\/\">Last Minute<\/a>\u00a0 \u00a0 <a href=\"https:\/\/www.sonnenklar.tv\/blog\/reiselexikon\/pauschalreise-bedeutung\/\">Pauschalreise<\/a><\/p>\n\n\n\n<p><a href=\"https:\/\/www.sonnenklar.tv\/blog\/reiselexikon\/\">&lt;&lt; Zur\u00fcck zum Reiselexikon<\/a><\/p>\n","protected":false},"excerpt":{"rendered":"<p>In amerikanischen Filmen ist gerne die Rede davon und auch einige Bestseller unter den B\u00fcchern drehen sich um ihn: den Roadtrip. Doch was genau verbirgt sich eigentlich hinter dem Begriff? Die Bezeichnung Roadtrip beschreibt eine spezielle Form des Reisens mit einem PKW oder Wohnwagen, wobei die Route nur grob oder gar nicht geplant ist und<\/p>\n","protected":false},"author":3,"featured_media":0,"parent":6051,"menu_order":0,"comment_status":"closed","ping_status":"closed","template":"","meta":{"footnotes":""},"class_list":["post-9286","page","type-page","status-publish"],"_links":{"self":[{"href":"https:\/\/www.sonnenklar.tv\/blog\/wp-json\/wp\/v2\/pages\/9286","targetHints":{"allow":["GET"]}}],"collection":[{"href":"https:\/\/www.sonnenklar.tv\/blog\/wp-json\/wp\/v2\/pages"}],"about":[{"href":"https:\/\/www.sonnenklar.tv\/blog\/wp-json\/wp\/v2\/types\/page"}],"author":[{"embeddable":true,"href":"https:\/\/www.sonnenklar.tv\/blog\/wp-json\/wp\/v2\/users\/3"}],"replies":[{"embeddable":true,"href":"https:\/\/www.sonnenklar.tv\/blog\/wp-json\/wp\/v2\/comments?post=9286"}],"version-history":[{"count":11,"href":"https:\/\/www.sonnenklar.tv\/blog\/wp-json\/wp\/v2\/pages\/9286\/revisions"}],"predecessor-version":[{"id":37614,"href":"https:\/\/www.sonnenklar.tv\/blog\/wp-json\/wp\/v2\/pages\/9286\/revisions\/37614"}],"up":[{"embeddable":true,"href":"https:\/\/www.sonnenklar.tv\/blog\/wp-json\/wp\/v2\/pages\/6051"}],"wp:attachment":[{"href":"https:\/\/www.sonnenklar.tv\/blog\/wp-json\/wp\/v2\/media?parent=9286"}],"curies":[{"name":"wp","href":"https:\/\/api.w.org\/{rel}","templated":true}]}}