{"id":6918,"date":"2018-06-05T16:51:43","date_gmt":"2018-06-05T14:51:43","guid":{"rendered":"https:\/\/www.sonnenklar.tv\/blog\/?page_id=6918"},"modified":"2025-12-12T15:41:45","modified_gmt":"2025-12-12T14:41:45","slug":"gabelflug-bedeutung","status":"publish","type":"page","link":"https:\/\/www.sonnenklar.tv\/blog\/reiselexikon\/gabelflug-bedeutung\/","title":{"rendered":"Was ist ein Gabelflug?"},"content":{"rendered":"\n<p><strong>Bei der Buchung eines Fluges trifft man h\u00e4ufiger auf den Begriff Gabelflug. Wir wollen kl\u00e4ren worum es sich dabei handelt und was es sonst noch zu beachten gilt.<\/strong><\/p>\n\n\n\n<hr class=\"wp-block-separator has-css-opacity\"\/>\n\n\n\n<p><strong>Inhaltsverzeichnis<\/strong><\/p>\n\n\n\n<ul class=\"wp-block-list\">\n<li><a href=\"#gabelflug-bedeutung\">Was sind Gabelfl\u00fcge, was beinhalten sie und welche Arten gibt es?<\/a><\/li>\n\n\n\n<li><a href=\"#gabelflug-multistopp-flug-unterschiede\">Was ist der Unterschied zwischen einem Gabelflug und einem Multistopp-Flug?<\/a><\/li>\n\n\n\n<li><a href=\"#gabelflug-geeignet\">Wann eignet sich die Buchung eines Gabelfluges?<\/a><\/li>\n\n\n\n<li><a href=\"#gabelflug-buchen\">Was muss man bei der Buchung der Gabelf\u00fcge beachten?<\/a><\/li>\n<\/ul>\n\n\n\n<hr class=\"wp-block-separator has-css-opacity\"\/>\n\n\n\n<h2 class=\"wp-block-heading\"><a name=\"gabelflug-bedeutung\"><\/a>Was sind Gabelfl\u00fcge, was beinhalten sie und welche Arten gibt es?<\/h2>\n\n\n\n<p>Gabelfl\u00fcge unterscheiden sich in erster Linie von regul\u00e4ren Fl\u00fcgen durch einen unterschiedlichen Ankunfts- und Abflughafen. Die Reisenden treten ihre R\u00fcckreise nicht von dem Zielflughafen aus an, sondern von einem weiteren. Gabelfl\u00fcge sind dementsprechend geeignet, wenn eine Rundreise geplant ist. So kann die Reise beispielsweise in Deutschland beginnen mit dem Ziel Barcelona. Als n\u00e4chsten Flughafen kann dann Madrid f\u00fcr den Weiterflug nach Barcelona genutzt werden. Von einem weiteren Flughafen aus findet schlie\u00dflich die R\u00fcckreise nach Deutschland statt. Diese Variante wird als <strong>Gabelflug im Umkehrgebiet<\/strong> bezeichnet.<\/p>\n\n\n\n<p>Ein Gabelflug kann auch eine einfache Variante sein. Die Reise startet in M\u00fcnchen und f\u00fchrt nach Palma. Auf dem R\u00fcckflug von Palma aus landet man dann jedoch nicht in M\u00fcnchen, sondern in Berlin. Diese Variante nennt sich <strong>Gabelflug im Ausgangsgebiet<\/strong>. Etwas komplizierter ist <strong>der doppelte Gabelflug<\/strong>. In diesem Fall unterscheiden sich sowohl der Start- und Zielflughafen bei der Hinreise als auch bei der R\u00fcckreise. Dementsprechend werden vier verschiedene Flugh\u00e4fen passiert.<\/p>\n\n\n\n<h2 class=\"wp-block-heading\"><a name=\"gabelflug-multistopp-flug-unterschiede\"><\/a>Was ist der Unterschied zwischen einem Gabelflug und einem Multistopp-Flug?<\/h2>\n\n\n\n<p>Der Unterschied zwischen einem Gabelflug und einem Multistopp-Flug besteht vor allem in der Art des Reisens. Der Multistopp-Flug ist von mehreren Zwischenaufenthalten gepr\u00e4gt. Die Reise startet beispielsweise in Deutschland und f\u00fchrt \u00fcber Spanien und Marokko nach Brasilien. Das Ziel ist nicht direkt erreichbar deshalb m\u00fcssen Zwischenstopps eingeplant werden. Der Gabelflug wiederum ist stets ein Direktflug, welcher sich nur durch unterschiedliche Start- oder Zielflugh\u00e4fen, innerhalb einer Reise, unterscheidet. Dar\u00fcber hinaus liegen die Flugh\u00e4fen bei einem Gabelflug innerhalb eines Landes. Bei einem Multistopp-Flug (mindestens 2 Zwischenstopps) werden verschiedene L\u00e4nder oder auch Kontinente passiert.<\/p>\n\n\n\n<p><strong>Vorteile der Gabelfl\u00fcge:<\/strong><\/p>\n\n\n\n<ul class=\"wp-block-list\">\n<li>g\u00fcnstigere Preise<\/li>\n\n\n\n<li>f\u00fcr Rundreisen geeignet<\/li>\n\n\n\n<li>mehr Flexibilit\u00e4t<\/li>\n<\/ul>\n\n\n\n<p><strong>Nachteile&nbsp;der Gabelfl\u00fcge:<\/strong><\/p>\n\n\n\n<ul class=\"wp-block-list\">\n<li>Anreise zum Flughafen nicht mit dem Auto m\u00f6glich<\/li>\n\n\n\n<li>Reiseplanung ist komplizierter<\/li>\n\n\n\n<li>Aufenthaltsdauer bei Rundreise kann nicht variiert werden<\/li>\n<\/ul>\n\n\n\n<figure class=\"wp-block-image size-full\"><a href=\"https:\/\/www.sonnenklar.tv\/blog\/wp-content\/uploads\/2025\/03\/gabelflug.jpg\"><img fetchpriority=\"high\" decoding=\"async\" width=\"880\" height=\"450\" src=\"https:\/\/www.sonnenklar.tv\/blog\/wp-content\/uploads\/2025\/03\/gabelflug.jpg\" alt=\"Gabelflug Bedeutung: Flugzeug in der Luft\" class=\"wp-image-34810\" srcset=\"https:\/\/www.sonnenklar.tv\/blog\/wp-content\/uploads\/2025\/03\/gabelflug.jpg 880w, https:\/\/www.sonnenklar.tv\/blog\/wp-content\/uploads\/2025\/03\/gabelflug-800x409.jpg 800w, https:\/\/www.sonnenklar.tv\/blog\/wp-content\/uploads\/2025\/03\/gabelflug-18x9.jpg 18w, https:\/\/www.sonnenklar.tv\/blog\/wp-content\/uploads\/2025\/03\/gabelflug-120x61.jpg 120w, https:\/\/www.sonnenklar.tv\/blog\/wp-content\/uploads\/2025\/03\/gabelflug-90x46.jpg 90w, https:\/\/www.sonnenklar.tv\/blog\/wp-content\/uploads\/2025\/03\/gabelflug-320x164.jpg 320w, https:\/\/www.sonnenklar.tv\/blog\/wp-content\/uploads\/2025\/03\/gabelflug-560x286.jpg 560w\" sizes=\"(max-width: 880px) 100vw, 880px\" \/><\/a><figcaption class=\"wp-element-caption\">Was ist ein Gabelflug?<\/figcaption><\/figure>\n\n\n\n<h2 class=\"wp-block-heading\"><a name=\"gabelflug-geeignet\"><\/a>Wann eignet sich die Buchung eines Gabelfluges?<\/h2>\n\n\n\n<p>Ein Gabelflug ist in erster Linie f\u00fcr alle Reisenden geeignet, die flexibel sein wollen. Eine Rundreise innerhalb eines Landes ist beispielsweise eine gute Voraussetzung f\u00fcr Gabelfl\u00fcge. Vor allem Personen, die eine besondere Reise planen und vor allem g\u00fcnstig reisen wollen, sollten sich die Alternative der Gabelfl\u00fcge anschauen. Wiederum sind die Gabelfl\u00fcge im Ausgangsgebiet nicht f\u00fcr Personen geeignet, die mit dem eigenen Auto zum Flughafen reisen wollen. Es sollte dementsprechend eine Anreise mit dem Zug oder anderen Verkehrsmitteln eingeplant werden.<\/p>\n\n\n\n<p><a href=\"https:\/\/www.sonnenklar.tv\/tv-specials\/fluege.html?utm_source=gabelflug-bedeutung&amp;utm_medium=textlink&amp;utm_campaign=lexikon\">Jetzt g\u00fcnstige Fl\u00fcge auf sonnenklar.TV buchen<\/a>\u00a0<\/p>\n\n\n\n<h2 class=\"wp-block-heading\"><a name=\"gabelflug-buchen\"><\/a>Was muss man bei der Buchung der Gabelf\u00fcge beachten?<\/h2>\n\n\n\n<p>Die Buchung eines Gabelfluges muss bereits bei der Suche darauf geachtet werden, dass es sich auch tats\u00e4chlich um einen Flug dieser Art handelt. Auf vielen Portalen kann bereits in der Suchmaske die Option Gabelflug ausgew\u00e4hlt werden. Andernfalls k\u00f6nnen mehrere Flugh\u00e4fen angegeben werden. Bei Suche werden dann verschiedene Flugoptionen angeboten. Der Buchungsvorgang selbst unterscheidet sich nicht von einer gew\u00f6hnlichen Flugbuchung. Es ist jedoch zu beachten, dass die Reihenfolge der jeweiligen Fl\u00fcge genau mit der Reiseplanung \u00fcbereinstimmt.<\/p>\n\n\n\n<p>Oftmals besteht dann die M\u00f6glichkeit nicht nur Sonderpreise, sondern auch zus\u00e4tzliche Rabatte zu bekommen, da als Gabelfl\u00fcge auch Restpl\u00e4tze in den Flugzeugen vergeben werden. Die meisten Portale bieten mittlerweile die M\u00f6glichkeit zur Buchung eines Gabelfluges. Alternativ m\u00fcssen die Fl\u00fcge einzeln gebucht werden.<\/p>\n\n\n\n<p>Alles in allem ist der Gabelflug eine gute Alternative, wenn es keine klassische Reise sein soll. Aber auch Sparf\u00fcchse k\u00f6nnen mit Gabelfl\u00fcgen versuchen g\u00fcnstiger an ihr Wunschreiseziel zu gelangen. Wenn die M\u00f6glichkeit besteht, sollte zumindest bei der Suche auch ein Gabelflug betrachtet werden.<\/p>\n\n\n\n<div class=\"wp-block-buttons is-horizontal is-content-justification-center is-layout-flex wp-container-core-buttons-is-layout-499968f5 wp-block-buttons-is-layout-flex\">\n<div class=\"wp-block-button\"><a class=\"wp-block-button__link wp-element-button\" href=\"https:\/\/www.sonnenklar.tv\/tv-specials\/fluege.html?utm_source=gabelflug-bedeutung&amp;utm_medium=textlink&amp;utm_campaign=lexikon\" target=\"_blank\" rel=\"noreferrer noopener\">fl\u00fcge finden &amp; vergleichen<\/a><\/div>\n<\/div>\n\n\n\n<h3 class=\"wp-block-heading\">Mehr zum Thema Fl\u00fcge:<\/h3>\n\n\n\n<p><a href=\"https:\/\/www.sonnenklar.tv\/blog\/reiselexikon\/charterflug-bedeutung\/\">Charterflug<\/a>\u00a0 \u00a0\u00a0<a href=\"https:\/\/www.sonnenklar.tv\/blog\/reiselexikon\/linienflug-bedeutung\/\">Linienflug<\/a>\u00a0 \u00a0 <a href=\"https:\/\/www.sonnenklar.tv\/blog\/reiselexikon\/stopover-flug-bedeutung\/\">Stopover Flug<\/a>\u00a0 \u00a0 <a href=\"https:\/\/www.sonnenklar.tv\/blog\/reiselexikon\/multistopp-flug-bedeutung\/\">Multistopp Flug<\/a>\u00a0 \u00a0 <a href=\"https:\/\/www.sonnenklar.tv\/blog\/reiselexikon\/schwanzflug-bedeutung\/\">Schwanzflug<\/a>\u00a0 \u00a0 <a href=\"https:\/\/www.sonnenklar.tv\/blog\/reiselexikon\/codeshare-flug-bedeutung\/\">Codeshare Flug<\/a>\u00a0 \u00a0 <a href=\"https:\/\/www.sonnenklar.tv\/blog\/reiselexikon\/was-ist-ein-vielfliegerprogramm\/\">Vielfliegerprogramm<\/a>\u00a0 \u00a0 <a href=\"https:\/\/www.sonnenklar.tv\/blog\/reiselexikon\/buchungsklassen-bedeutung\/\">Buchungsklasse<\/a><\/p>\n\n\n\n<p><a href=\"https:\/\/www.sonnenklar.tv\/blog\/reiselexikon\/\">&lt;&lt; Zur\u00fcck zum Reiselexikon<\/a><\/p>\n","protected":false},"excerpt":{"rendered":"<p>Bei der Buchung eines Fluges trifft man h\u00e4ufiger auf den Begriff Gabelflug. Wir wollen kl\u00e4ren worum es sich dabei handelt und was es sonst noch zu beachten gilt. Inhaltsverzeichnis Was sind Gabelfl\u00fcge, was beinhalten sie und welche Arten gibt es? Gabelfl\u00fcge unterscheiden sich in erster Linie von regul\u00e4ren Fl\u00fcgen durch einen unterschiedlichen Ankunfts- und Abflughafen.<\/p>\n","protected":false},"author":3,"featured_media":0,"parent":6051,"menu_order":0,"comment_status":"closed","ping_status":"closed","template":"","meta":{"footnotes":""},"class_list":["post-6918","page","type-page","status-publish"],"_links":{"self":[{"href":"https:\/\/www.sonnenklar.tv\/blog\/wp-json\/wp\/v2\/pages\/6918","targetHints":{"allow":["GET"]}}],"collection":[{"href":"https:\/\/www.sonnenklar.tv\/blog\/wp-json\/wp\/v2\/pages"}],"about":[{"href":"https:\/\/www.sonnenklar.tv\/blog\/wp-json\/wp\/v2\/types\/page"}],"author":[{"embeddable":true,"href":"https:\/\/www.sonnenklar.tv\/blog\/wp-json\/wp\/v2\/users\/3"}],"replies":[{"embeddable":true,"href":"https:\/\/www.sonnenklar.tv\/blog\/wp-json\/wp\/v2\/comments?post=6918"}],"version-history":[{"count":17,"href":"https:\/\/www.sonnenklar.tv\/blog\/wp-json\/wp\/v2\/pages\/6918\/revisions"}],"predecessor-version":[{"id":37578,"href":"https:\/\/www.sonnenklar.tv\/blog\/wp-json\/wp\/v2\/pages\/6918\/revisions\/37578"}],"up":[{"embeddable":true,"href":"https:\/\/www.sonnenklar.tv\/blog\/wp-json\/wp\/v2\/pages\/6051"}],"wp:attachment":[{"href":"https:\/\/www.sonnenklar.tv\/blog\/wp-json\/wp\/v2\/media?parent=6918"}],"curies":[{"name":"wp","href":"https:\/\/api.w.org\/{rel}","templated":true}]}}