{"id":6910,"date":"2018-06-05T16:20:12","date_gmt":"2018-06-05T14:20:12","guid":{"rendered":"https:\/\/www.sonnenklar.tv\/blog\/?page_id=6910"},"modified":"2025-12-12T15:32:46","modified_gmt":"2025-12-12T14:32:46","slug":"charterflug-bedeutung","status":"publish","type":"page","link":"https:\/\/www.sonnenklar.tv\/blog\/reiselexikon\/charterflug-bedeutung\/","title":{"rendered":"Was genau ist eigentlich ein Charterflug?"},"content":{"rendered":"\n<p><strong>Ein Charterflug wird auch \u201eBedarfsflug\u201c genannt und ist eine Alternative zum Linienflug. Er bef\u00f6rdert G\u00fcter oder Personen an einen bestimmten Zielort. Hier alle Infos zu Charterfl\u00fcgen, ihren Vor- und Nachteilen und vieles mehr.<\/strong><\/p>\n\n\n\n<hr class=\"wp-block-separator has-css-opacity\"\/>\n\n\n\n<p><strong>Inhaltsverzeichnis<\/strong><\/p>\n\n\n\n<ul class=\"wp-block-list\">\n<li><a href=\"#charterflug-linienflug\">Was ist der Unterschied zwischen einem Charterflug und einem Linienflug?<\/a><\/li>\n\n\n\n<li><a href=\"#charterflug-linienflug-unterschiede\">Rechtliche Unterschiede zwischen Charter- und Linienfl\u00fcgen<\/a><\/li>\n\n\n\n<li><a href=\"#charterflug-vorteile-nachteile\">Was sind die Vor- und Nachteile eines Charterflugs?<\/a><\/li>\n\n\n\n<li><a href=\"#charterflug-erkennen\">Woran erkennt man einen Charterflug?<\/a><\/li>\n<\/ul>\n\n\n\n<hr class=\"wp-block-separator has-css-opacity\"\/>\n\n\n\n<h2 class=\"wp-block-heading\"><a name=\"charterflug-linienflug\"><\/a>Was ist der Unterschied zwischen einem Charterflug und einem Linienflug?<\/h2>\n\n\n\n<p>Im Vergleich zu Linienfl\u00fcgen, die eine feste Route sowie einen bestimmten Zeitplan haben, kommen Charterfl\u00fcge nur bei einer hohen Anfrage zum Einsatz. Zum Beispiel k\u00f6nnen Reisegesellschaften in der Hauptsaison Pl\u00e4tze bei einer Fluggesellschaft mieten und dann diese Tickets zusammen mit einem Hotelangebot, gegebenenfalls auch dem Transfer, als Paket verkaufen. Neben den Sitzpl\u00e4tzen mietet der <a href=\"https:\/\/www.sonnenklar.tv\/promo\/reiseveranstalter.html\">Reiseveranstalter<\/a> auch das Flugpersonal und die Service-Mitarbeiter wie Piloten und Flugbegleiter, damit ein sicherer Flug gew\u00e4hrleistet ist.<\/p>\n\n\n\n<p><strong>Wenn sich mehrere Veranstalter die Sitzpl\u00e4tze eines Flugzeugs aufteilen, spricht man von:<\/strong><\/p>\n\n\n\n<ul class=\"wp-block-list\">\n<li>Teilcharterfl\u00fcgen<\/li>\n\n\n\n<li>Blockcharterfl\u00fcgen<\/li>\n\n\n\n<li>Splitcharterfl\u00fcgen<\/li>\n<\/ul>\n\n\n\n<p>Linienfl\u00fcge erfolgen nach einem festgelegten Flugplan und finden normalerweise zum vorgegebenen Zeitpunkt statt, auch wenn der Flieger nicht voll besetzt ist. Charterfl\u00fcge hingegen sind nicht im Flugplan der Airlines eingeplant und werden nur erg\u00e4nzend angeboten, wenn die Nachfrage in der Hochsaison besonders gro\u00df ist.<\/p>\n\n\n\n<h2 class=\"wp-block-heading\"><a name=\"charterflug-linienflug-unterschiede\"><\/a>Rechtliche Unterschiede zwischen Charter- und Linienfl\u00fcgen<\/h2>\n\n\n\n<p>Im internationalen Luftrecht als Non-Scheduled-Traffic bezeichnet, hat sich die damalige Bedeutung des Charterflugs seit ihrer Einf\u00fchrung im Jahr 1956 bis heute stark ver\u00e4ndert. Fr\u00fcher gab es feste Regeln, mit denen Charterfl\u00fcge von Linienfl\u00fcgen abgegrenzt wurden. Heute ist die Unterscheidung eher schwammig und es sind vor allem rechtliche Regelungen, die noch den Unterschied ausmachen.<\/p>\n\n\n\n<figure class=\"wp-block-image alignnone wp-image-6911 size-full\"><img fetchpriority=\"high\" decoding=\"async\" width=\"880\" height=\"450\" src=\"https:\/\/www.sonnenklar.tv\/blog\/wp-content\/uploads\/2018\/06\/charterflug.jpg\" alt=\"Charterflug Bedeutung\" class=\"wp-image-6911\" srcset=\"https:\/\/www.sonnenklar.tv\/blog\/wp-content\/uploads\/2018\/06\/charterflug.jpg 880w, https:\/\/www.sonnenklar.tv\/blog\/wp-content\/uploads\/2018\/06\/charterflug-300x153.jpg 300w, https:\/\/www.sonnenklar.tv\/blog\/wp-content\/uploads\/2018\/06\/charterflug-768x393.jpg 768w\" sizes=\"(max-width: 880px) 100vw, 880px\" \/><figcaption class=\"wp-element-caption\">Was ist eigentlich ein Charterflug?<\/figcaption><\/figure>\n\n\n\n<p>Der gr\u00f6\u00dfte Unterschied liegt vor allem in der Verantwortung und somit dem Risiko f\u00fcr die Linien- oder Charterfl\u00fcge. W\u00e4hrend regul\u00e4re Linienfl\u00fcge von der jeweiligen Fluggesellschaft selbst verwaltet und veranstaltet werden, f\u00e4llt die Verantwortung bei Charterfl\u00fcgen dem Reiseveranstalter zu. Wollt ihr zum Beispiel eine Beschwerde einreichen oder eine Entsch\u00e4digung verlangen, falls sich der Flug versp\u00e4tet hat oder ganz ausgefallen ist, m\u00fcsst ihr euch entweder an die Fluggesellschaft oder die Reisegesellschaft wenden, je nachdem, was ihr f\u00fcr einen Flug gebucht habt.<\/p>\n\n\n\n<h2 class=\"wp-block-heading\"><a name=\"charterflug-vorteile-nachteile\"><\/a>Was sind die Vor- und Nachteile eines Charterflugs?<\/h2>\n\n\n\n<p>Besonders in Verbindung mit einer <a href=\"https:\/\/www.sonnenklar.tv\/blog\/reiselexikon\/pauschalreise-bedeutung\/\" target=\"_blank\" rel=\"noopener\">Pauschalreise<\/a> k\u00f6nnen Charterfl\u00fcge oft mit besonders niedrigen Preisen punkten. Manchmal kommen sie auch als reine Flug-Angebote vor, falls der Veranstalter zu viele Sitzpl\u00e4tze im Flugzeug gechartert hat und sie mit seinen Pauschalreise-Paketen nicht ausverkaufen kann. Die \u00fcbrigen Pl\u00e4tze werden dann als Last-Minute-Angebote verkauft und sind in der Regel besonders g\u00fcnstig.<\/p>\n\n\n\n<p><a href=\"https:\/\/www.sonnenklar.tv\/tv-specials\/fluege.html?utm_source=charterflug-bedeutung&amp;utm_medium=textlink&amp;utm_campaign=lexikon\">Sonderangebote f\u00fcr g\u00fcnstige Fl\u00fcge auf sonnenklar.TV<\/a><\/p>\n\n\n\n<p>Doch kann es auch aufgrund mangelnder Passagiere dazu kommen, dass der Flug f\u00fcr den Reiseveranstalter nicht mehr rentabel ist und ausf\u00e4llt. Hierbei m\u00fcsste der Veranstalter daf\u00fcr sorgen, dass ihr trotz des Ausfalls an euer Reiseziel gelangt. So kann es manchmal passieren, dass ihr mit einer anderen Fluggesellschaft als der vorhergesehenen fliegt \u2013 w\u00e4hrend die Ausweich-Variante einfacher, aber auch komfortabler ausfallen kann. Dies passiert bei Linienfl\u00fcgen normalerweise nicht, denn sollte ein Linienflug ausfallen, gibt es eine Entsch\u00e4digung von der Airline, au\u00dferdem d\u00fcrft ihr mit dem n\u00e4chsten Linienflugzeug der gleichen Fluggesellschaft weiterfliegen. Die Umbuchung ist hier meist weniger kompliziert und ihr k\u00f6nnt euch darauf verlassen, dass ihr auch wirklich mit der gew\u00fcnschten Fluggesellschaft fliegt.<\/p>\n\n\n\n<h2 class=\"wp-block-heading\"><a name=\"&quot;charterflug-erkennen\"><\/a>Woran erkennt man einen Charterflug?<\/h2>\n\n\n\n<p>Wie bereits erw\u00e4hnt, ist die Differenzierung zwischen Linienfl\u00fcgen und Charterfl\u00fcgen doch recht schwammig. So kann es zum Beispiel auch passieren, dass der Reiseveranstalter seine nicht ausverkauften Fl\u00fcge wieder an die entsprechende Fluggesellschaft zur\u00fcckgibt. Dann ist es schwer, herauszufinden, um welche Art von Flug es sich nun handelt. Eine M\u00f6glichkeit w\u00e4re, auf dem Flugplan der Airline nach dem Flug zu suchen, denn falls er dort aufgef\u00fchrt ist, handelt es sich um einen Linienflug. Von einem Charterflug ist dagegen auszugehen, wenn ihr ihn nicht auf dem Plan der Fluggesellschaft findet.<\/p>\n\n\n\n<h3 class=\"wp-block-heading\">Mehr zum Thema Fl\u00fcge:<\/h3>\n\n\n\n<p><a href=\"https:\/\/www.sonnenklar.tv\/blog\/reiselexikon\/gabelflug-bedeutung\/\">Gabelflug<\/a>\u00a0 \u00a0 <a href=\"https:\/\/www.sonnenklar.tv\/blog\/reiselexikon\/linienflug-bedeutung\/\">Linienflug<\/a>\u00a0 \u00a0 <a href=\"https:\/\/www.sonnenklar.tv\/blog\/reiselexikon\/stopover-flug-bedeutung\/\">Stopover Flug<\/a>\u00a0 \u00a0 <a href=\"https:\/\/www.sonnenklar.tv\/blog\/reiselexikon\/multistopp-flug-bedeutung\/\">Multistopp Flug<\/a>\u00a0 \u00a0 <a href=\"https:\/\/www.sonnenklar.tv\/blog\/reiselexikon\/schwanzflug-bedeutung\/\">Schwanzflug<\/a>\u00a0 \u00a0 <a href=\"https:\/\/www.sonnenklar.tv\/blog\/reiselexikon\/codeshare-flug-bedeutung\/\">Codeshare Flug<\/a>\u00a0 \u00a0 <a href=\"https:\/\/www.sonnenklar.tv\/blog\/reiselexikon\/was-ist-ein-vielfliegerprogramm\/\">Vielfliegerprogramm<\/a>\u00a0 \u00a0 <a href=\"https:\/\/www.sonnenklar.tv\/blog\/reiselexikon\/buchungsklassen-bedeutung\/\">Buchungsklassen<\/a><\/p>\n\n\n\n<p><a href=\"https:\/\/www.sonnenklar.tv\/blog\/reiselexikon\/\">&lt;&lt; Zur\u00fcck zum Reiselexikon<\/a><\/p>\n","protected":false},"excerpt":{"rendered":"<p>Ein Charterflug wird auch \u201eBedarfsflug\u201c genannt und ist eine Alternative zum Linienflug. Er bef\u00f6rdert G\u00fcter oder Personen an einen bestimmten Zielort. Hier alle Infos zu Charterfl\u00fcgen, ihren Vor- und Nachteilen und vieles mehr. Inhaltsverzeichnis Was ist der Unterschied zwischen einem Charterflug und einem Linienflug? Im Vergleich zu Linienfl\u00fcgen, die eine feste Route sowie einen bestimmten<\/p>\n","protected":false},"author":3,"featured_media":0,"parent":6051,"menu_order":0,"comment_status":"closed","ping_status":"closed","template":"","meta":{"footnotes":""},"class_list":["post-6910","page","type-page","status-publish"],"_links":{"self":[{"href":"https:\/\/www.sonnenklar.tv\/blog\/wp-json\/wp\/v2\/pages\/6910","targetHints":{"allow":["GET"]}}],"collection":[{"href":"https:\/\/www.sonnenklar.tv\/blog\/wp-json\/wp\/v2\/pages"}],"about":[{"href":"https:\/\/www.sonnenklar.tv\/blog\/wp-json\/wp\/v2\/types\/page"}],"author":[{"embeddable":true,"href":"https:\/\/www.sonnenklar.tv\/blog\/wp-json\/wp\/v2\/users\/3"}],"replies":[{"embeddable":true,"href":"https:\/\/www.sonnenklar.tv\/blog\/wp-json\/wp\/v2\/comments?post=6910"}],"version-history":[{"count":21,"href":"https:\/\/www.sonnenklar.tv\/blog\/wp-json\/wp\/v2\/pages\/6910\/revisions"}],"predecessor-version":[{"id":37565,"href":"https:\/\/www.sonnenklar.tv\/blog\/wp-json\/wp\/v2\/pages\/6910\/revisions\/37565"}],"up":[{"embeddable":true,"href":"https:\/\/www.sonnenklar.tv\/blog\/wp-json\/wp\/v2\/pages\/6051"}],"wp:attachment":[{"href":"https:\/\/www.sonnenklar.tv\/blog\/wp-json\/wp\/v2\/media?parent=6910"}],"curies":[{"name":"wp","href":"https:\/\/api.w.org\/{rel}","templated":true}]}}