{"id":6710,"date":"2018-05-29T16:31:35","date_gmt":"2018-05-29T14:31:35","guid":{"rendered":"https:\/\/www.sonnenklar.tv\/blog\/?page_id=6710"},"modified":"2025-12-12T15:56:35","modified_gmt":"2025-12-12T14:56:35","slug":"sparzimmer-bedeutung","status":"publish","type":"page","link":"https:\/\/www.sonnenklar.tv\/blog\/reiselexikon\/sparzimmer-bedeutung\/","title":{"rendered":"Was ist ein Sparzimmer?"},"content":{"rendered":"\n<p><strong>Bei der Buchung eines Hotels erscheint h\u00e4ufiger die Angabe Sparzimmer. Was ist aber darunter zu verstehen? In erster Linie werden Sparzimmer in einen negativen Zusammenhang gesetzt. Wir wollen deshalb kl\u00e4ren was sich wirklich dahinter verbirgt und welche Vorteile diese Zimmerkategorie mit sich bringt.<\/strong><\/p>\n\n\n\n<hr class=\"wp-block-separator has-css-opacity\"\/>\n\n\n\n<p><strong>Inhaltsverzeichnis<\/strong><\/p>\n\n\n\n<ul class=\"wp-block-list\">\n<li><a href=\"#sparzimmer-bedeutung\">Was ist das Sparzimmer?<\/a><\/li>\n\n\n\n<li><a href=\"#sparzimmer-bedeutung-vor-und-nachteile\">Welche Vor- und Nachteile hat ein Sparzimmer?<\/a><\/li>\n\n\n\n<li><a href=\"#sparzimmer-geeignet\">F\u00fcr wen ist das Sparzimmer geeignet?<\/a><\/li>\n\n\n\n<li><a href=\"#sparzimmer-buchen\">Gibt es etwas bei der Buchung eines Sparzimmers zu beachten?<\/a><\/li>\n<\/ul>\n\n\n\n<hr class=\"wp-block-separator has-css-opacity\"\/>\n\n\n\n<h2 class=\"wp-block-heading\"><a name=\"sparzimmer-bedeutung\"><\/a>Was ist das Sparzimmer?<\/h2>\n\n\n\n<p>Bei den Sparzimmern handelt es sich in der Regel, um die Standardzimmer eines Hotels. Die Zimmer sind oftmals auch unter den Namen Best-Price-, Low-Cost- oder auch Economy-Zimmer zu finden. Je nach Hotel oder Reiseveranstalter k\u00f6nnen andere Bezeichnung verwendet werden. Vor allem Zimmer der einfachsten Kategorie werden als Sparzimmer zu einem g\u00fcnstigeren Preis angeboten.<\/p>\n\n\n\n<div class=\"wp-block-buttons is-horizontal is-content-justification-center is-layout-flex wp-container-core-buttons-is-layout-499968f5 wp-block-buttons-is-layout-flex\">\n<div class=\"wp-block-button\"><a class=\"wp-block-button__link wp-element-button\" href=\"https:\/\/www.sonnenklar.tv\/hotel.html\" target=\"_blank\" rel=\"noreferrer noopener\">zu den hotelangeboten<\/a><\/div>\n<\/div>\n\n\n\n<p>Es handelt sich also um ein spezielles und begrenztes Kontingent, welches von den Hotels in erster Linie bereitgestellt wird, um die Auslastung zu erh\u00f6hen. Mit der Buchung eines Sparzimmers ergeben sich dementsprechend keine Nachteile. Je nach Hotel gibt es jedoch Unterschiede. Sparzimmer sind fast ausschlie\u00dflich bei der Buchung einer Pauschalreise zu finden. Die Angebote k\u00f6nnen sich dabei sehr unterscheiden und sind vom Veranstalter abh\u00e4ngig.<\/p>\n\n\n\n<h2 class=\"wp-block-heading\"><a name=\"sparzimmer-bedeutung-vor-und-nachteile\"><\/a>Welche Vor- und Nachteile hat ein Sparzimmer?<\/h2>\n\n\n\n<p>Der Vorteil eines Sparzimmers ist der g\u00fcnstigere Preis. Die Angebote gelten jedoch nur f\u00fcr einen bestimmten Zeitraum oder bis eine gewisse Zahl an Buchungen eingegangen ist. Bei der Buchung kann man sich deshalb sicher sein, dass es sich um ein g\u00fcnstiges Angebot handelt. Einige Hotels bieten jedoch nicht ihre Standardzimmer als Sparzimmer, sondern andere R\u00e4ume. Darunter sind dann oftmals Zimmer, die beispielsweise ung\u00fcnstig gelegen sind. Eine stark befahrene Stra\u00dfe oder ein unsch\u00f6ner Blick aus dem Fenster k\u00f6nnen dann schon mal vorkommen.<\/p>\n\n\n\n<p>Andere Hotels versuchen aber auch so Zimmer, die eine andere Ausstattung haben zu belegen. Es ist dann m\u00f6glich, dass das Sparzimmer \u00fcber keine Klimaanlage, keinen Balkon, keine K\u00fcche oder keinen TV verf\u00fcgt. Ein Sparzimmer kann dementsprechend einige Vorteile bieten. Bei manchen Hotels wiederum werden unter diesem Namen auch schlechtere Zimmer vergeben.<\/p>\n\n\n\n<figure class=\"wp-block-image size-large\"><a href=\"https:\/\/www.sonnenklar.tv\/blog\/wp-content\/uploads\/2025\/02\/sparzimmer-bedeutung-1.jpg\"><img fetchpriority=\"high\" decoding=\"async\" width=\"880\" height=\"450\" src=\"https:\/\/www.sonnenklar.tv\/blog\/wp-content\/uploads\/2025\/02\/sparzimmer-bedeutung-1.jpg\" alt=\"Sparzimmer Bedeutung\" class=\"wp-image-34535\" srcset=\"https:\/\/www.sonnenklar.tv\/blog\/wp-content\/uploads\/2025\/02\/sparzimmer-bedeutung-1.jpg 880w, https:\/\/www.sonnenklar.tv\/blog\/wp-content\/uploads\/2025\/02\/sparzimmer-bedeutung-1-800x409.jpg 800w, https:\/\/www.sonnenklar.tv\/blog\/wp-content\/uploads\/2025\/02\/sparzimmer-bedeutung-1-120x61.jpg 120w, https:\/\/www.sonnenklar.tv\/blog\/wp-content\/uploads\/2025\/02\/sparzimmer-bedeutung-1-90x46.jpg 90w, https:\/\/www.sonnenklar.tv\/blog\/wp-content\/uploads\/2025\/02\/sparzimmer-bedeutung-1-320x164.jpg 320w, https:\/\/www.sonnenklar.tv\/blog\/wp-content\/uploads\/2025\/02\/sparzimmer-bedeutung-1-560x286.jpg 560w\" sizes=\"(max-width: 880px) 100vw, 880px\" \/><\/a><figcaption class=\"wp-element-caption\">Was ist ein Sparzimmer?<\/figcaption><\/figure>\n\n\n\n<h2 class=\"wp-block-heading\"><a name=\"sparzimmer-geeignet\"><\/a>F\u00fcr wen ist das Sparzimmer geeignet?<\/h2>\n\n\n\n<p>In der Regel kann ein Sparzimmer von jedem Reisenden gebucht werden. Es sollte jedoch abgekl\u00e4rt werden, ob das Sparzimmer mit Kindern oder von mobilit\u00e4tseingeschr\u00e4nkten Personen genutzt werden kann. Eine kurze Nachfrage beim Hotel kann bereits Ausschluss dar\u00fcber geben. Es kann vorkommen, dass ein Sparzimmer nicht f\u00fcr die Nutzung als Familie gebucht werden kann, da der Raum eventuell weniger Platz bietet. Wiederum haben Allreisende bessere Chancen ein Sparzimmer g\u00fcnstiger zu buchen. Ein Aufpreis kann dadurch oftmals erlassen werden.<\/p>\n\n\n\n<div class=\"wp-block-buttons is-horizontal is-content-justification-center is-layout-flex wp-container-core-buttons-is-layout-499968f5 wp-block-buttons-is-layout-flex\">\n<div class=\"wp-block-button\"><a class=\"wp-block-button__link wp-element-button\" href=\"https:\/\/www.sonnenklar.tv\/hotel.html\" target=\"_blank\" rel=\"noreferrer noopener\">zu den hotelangeboten<\/a><\/div>\n<\/div>\n\n\n\n<h2 class=\"wp-block-heading\"><a name=\"sparzimmer-buchen\"><\/a>Gibt es etwas bei der Buchung eines Sparzimmers zu beachten?<\/h2>\n\n\n\n<p>Bei der Buchung sollte insbesondere darauf geachtet werden, ob sich um ein Sparzimmer handelt. Anhand des angegebenen Zimmercodes (Bsp. A2A) kann bei dem jeweiligen Reiseveranstalter herausgefunden werden wie das Zimmer ausgestattet ist. Daran ist dann absehbar, ob es sich um ein gew\u00f6hnliches Zimmer aus der Standardkategorie handelt.<\/p>\n\n\n\n<p>Sollten keine Informationen verf\u00fcgbar sein, kann auch direkt beim Hotel nachgefragt werden. Dieses kann dann Auskunft dar\u00fcber geben, was die Besonderheiten des Sparzimmers sind. Alternativ k\u00f6nnen auch die Hotelbewertung durchsucht werden, ob ehemalige G\u00e4ste bereits Erfahrungen mit den Sparzimmern des jeweiligen Hotels gemacht haben. Bei der Buchung sollte deshalb darauf geachtet werden, dass die Bedingung des Sparzimmers bekannt ist, um dann nicht entt\u00e4uscht zu werden.<\/p>\n\n\n\n<h3 class=\"wp-block-heading\">Mehr zum Thema Unterkunft:<\/h3>\n\n\n\n<p><a href=\"https:\/\/www.sonnenklar.tv\/blog\/reiselexikon\/was-bedeuten-hotelsterne\/\">Hotelsterne<\/a>\u00a0 \u00a0 <a href=\"https:\/\/www.sonnenklar.tv\/blog\/reiselexikon\/hotel-abkuerzungen-bedeutung\/\">Hotelabk\u00fcrzungen<\/a>\u00a0\u00a0\u00a0\u00a0<a href=\"https:\/\/www.sonnenklar.tv\/blog\/reiselexikon\/bed-and-breakfast-bedeutung\/\">Bed &amp; Breakfast<\/a>\u00a0 \u00a0 <a href=\"https:\/\/www.sonnenklar.tv\/blog\/reiselexikon\/bungalow-bedeutung\/\">Bungalow<\/a>\u00a0 \u00a0 <a href=\"https:\/\/www.sonnenklar.tv\/blog\/reiselexikon\/finca-bedeutung\/\">Finca<\/a>\u00a0 \u00a0 <a href=\"https:\/\/www.sonnenklar.tv\/blog\/reiselexikon\/chalet-bedeutung\/\">Chalet<\/a>\u00a0 \u00a0\u00a0<a href=\"https:\/\/www.sonnenklar.tv\/blog\/reiselexikon\/riad-bedeutung\/\">Riad<\/a>\u00a0 \u00a0 <a href=\"https:\/\/www.sonnenklar.tv\/blog\/reiselexikon\/hostel-bedeutung\/\">Hostel<\/a>\u00a0 \u00a0 <a href=\"https:\/\/www.sonnenklar.tv\/blog\/reiselexikon\/erwachsenenhotel-bedeutung\/\">Erwachsenenhotel<\/a>\u00a0 \u00a0 <a href=\"https:\/\/www.sonnenklar.tv\/blog\/reiselexikon\/aparthotel-bedeutung\/\">Aparthotel<\/a>\u00a0 \u00a0 <a href=\"https:\/\/www.sonnenklar.tv\/blog\/reiselexikon\/vital-hotel-bedeutung\/\">Vital Hotel<\/a>\u00a0 \u00a0\u00a0<a href=\"https:\/\/www.sonnenklar.tv\/blog\/reiselexikon\/glueckshotel-bedeutung\/\">Gl\u00fcckshotel<\/a>\u00a0 \u00a0 <a href=\"https:\/\/www.sonnenklar.tv\/blog\/reiselexikon\/resort-bedeutung\/\">Resort<\/a>\u00a0 \u00a0 <a href=\"https:\/\/www.sonnenklar.tv\/blog\/reiselexikon\/mobilheim-bedeutung\/\">Mobilheim<\/a>\u00a0 \u00a0 <a href=\"https:\/\/www.sonnenklar.tv\/blog\/reiselexikon\/pension-hotel-bedeutung\/\">Pension<\/a>\u00a0 \u00a0 <a href=\"https:\/\/www.sonnenklar.tv\/blog\/reiselexikon\/hotel-garni-bedeutung\/\">Hotel Garni<\/a>\u00a0 \u00a0\u00a0<a href=\"https:\/\/www.sonnenklar.tv\/blog\/reiselexikon\/doppelzimmer-bedeutung\/\">Doppelzimmer<\/a>\u00a0 \u00a0\u00a0<a href=\"https:\/\/www.sonnenklar.tv\/blog\/reiselexikon\/familienzimmer-bedeutung\/\">Familienzimmer<\/a>\u00a0 \u00a0 <a href=\"https:\/\/www.sonnenklar.tv\/blog\/reiselexikon\/biohotel-bedeutung\/\">Biohotel<\/a>\u00a0 \u00a0 <a href=\"https:\/\/www.sonnenklar.tv\/blog\/reiselexikon\/boutique-hotel-bedeutung\/\">Boutique Hotel<\/a>\u00a0\u00a0\u00a0 <a href=\"https:\/\/www.sonnenklar.tv\/blog\/reiselexikon\/suite-bedeutung\/\">Suite<\/a>\u00a0 \u00a0 <a href=\"https:\/\/www.sonnenklar.tv\/blog\/reiselexikon\/studio-apartment-bedeutung\/\">Studio Apartment<\/a> \u00a0 \u00a0 <a href=\"https:\/\/www.sonnenklar.tv\/blog\/reiselexikon\/kabine-bedeutung\/\">Kabine<\/a>\u00a0 \u00a0 <a href=\"https:\/\/www.sonnenklar.tv\/blog\/reiselexikon\/superiorzimmer-bedeutung\/\">Superiorzimmer<\/a>\u00a0 \u00a0 <a href=\"https:\/\/www.sonnenklar.tv\/blog\/boardinghouse-bedeutung\/\">Boardinghouse<\/a>\u00a0 \u00a0 <a href=\"https:\/\/www.sonnenklar.tv\/blog\/reiselexikon\/ryokan-bedeutung\/\">Ryokan<\/a><\/p>\n\n\n\n<p><a href=\"https:\/\/www.sonnenklar.tv\/blog\/reiselexikon\/\">&lt;&lt; Zur\u00fcck zum Reiselexikon<\/a><\/p>\n","protected":false},"excerpt":{"rendered":"<p>Bei der Buchung eines Hotels erscheint h\u00e4ufiger die Angabe Sparzimmer. Was ist aber darunter zu verstehen? In erster Linie werden Sparzimmer in einen negativen Zusammenhang gesetzt. Wir wollen deshalb kl\u00e4ren was sich wirklich dahinter verbirgt und welche Vorteile diese Zimmerkategorie mit sich bringt. Inhaltsverzeichnis Was ist das Sparzimmer? Bei den Sparzimmern handelt es sich in<\/p>\n","protected":false},"author":3,"featured_media":0,"parent":6051,"menu_order":0,"comment_status":"closed","ping_status":"closed","template":"","meta":{"footnotes":""},"class_list":["post-6710","page","type-page","status-publish"],"_links":{"self":[{"href":"https:\/\/www.sonnenklar.tv\/blog\/wp-json\/wp\/v2\/pages\/6710","targetHints":{"allow":["GET"]}}],"collection":[{"href":"https:\/\/www.sonnenklar.tv\/blog\/wp-json\/wp\/v2\/pages"}],"about":[{"href":"https:\/\/www.sonnenklar.tv\/blog\/wp-json\/wp\/v2\/types\/page"}],"author":[{"embeddable":true,"href":"https:\/\/www.sonnenklar.tv\/blog\/wp-json\/wp\/v2\/users\/3"}],"replies":[{"embeddable":true,"href":"https:\/\/www.sonnenklar.tv\/blog\/wp-json\/wp\/v2\/comments?post=6710"}],"version-history":[{"count":27,"href":"https:\/\/www.sonnenklar.tv\/blog\/wp-json\/wp\/v2\/pages\/6710\/revisions"}],"predecessor-version":[{"id":37602,"href":"https:\/\/www.sonnenklar.tv\/blog\/wp-json\/wp\/v2\/pages\/6710\/revisions\/37602"}],"up":[{"embeddable":true,"href":"https:\/\/www.sonnenklar.tv\/blog\/wp-json\/wp\/v2\/pages\/6051"}],"wp:attachment":[{"href":"https:\/\/www.sonnenklar.tv\/blog\/wp-json\/wp\/v2\/media?parent=6710"}],"curies":[{"name":"wp","href":"https:\/\/api.w.org\/{rel}","templated":true}]}}