{"id":6621,"date":"2018-05-28T16:07:18","date_gmt":"2018-05-28T14:07:18","guid":{"rendered":"https:\/\/www.sonnenklar.tv\/blog\/?page_id=6621"},"modified":"2025-12-12T15:46:24","modified_gmt":"2025-12-12T14:46:24","slug":"kontinentales-fruehstueck-bedeutung","status":"publish","type":"page","link":"https:\/\/www.sonnenklar.tv\/blog\/reiselexikon\/kontinentales-fruehstueck-bedeutung\/","title":{"rendered":"Was bedeutet kontinentales Fr\u00fchst\u00fcck?"},"content":{"rendered":"\n<p><strong>Bei eurer Suche nach einem sch\u00f6nen Urlaubsziel seid ihr sicherlich schon einmal auf den Begriff \u201ekontinentales Fr\u00fchst\u00fcck\u201c gesto\u00dfen und habt euch vielleicht gefragt, was das ist. Hier deshalb eine kleine Erkl\u00e4rung und Informationen, welche Fr\u00fchst\u00fccksarten es sonst noch gibt.<\/strong><\/p>\n\n\n\n<hr class=\"wp-block-separator has-css-opacity\"\/>\n\n\n\n<p><strong>Inhaltsverzeichnis<\/strong><\/p>\n\n\n\n<ul class=\"wp-block-list\">\n<li><a href=\"#kontinentales-fruehstueck-inhalt\">Woraus besteht ein kontinentales Fr\u00fchst\u00fcck?<\/a><\/li>\n\n\n\n<li><a href=\"#kontinentales-fruehstueck-ursprung\">Woher stammt der Name &#8222;Kontinentales Fr\u00fchst\u00fcck&#8220;?<\/a><\/li>\n\n\n\n<li><a href=\"#fruehstuecksarten\">Welche Fr\u00fchst\u00fccksarten gibt es noch?<\/a><\/li>\n\n\n\n<li><a href=\"#englisches-fruehstueck\">Was geh\u00f6rt zu einem englischen Fr\u00fchst\u00fcck?<\/a><\/li>\n\n\n\n<li><a href=\"#amerikanisches-fruehstueck\">Was gibt es bei einem amerikanischen Fr\u00fchst\u00fcck?<\/a><\/li>\n<\/ul>\n\n\n\n<hr class=\"wp-block-separator has-css-opacity\"\/>\n\n\n\n<h2 class=\"wp-block-heading\"><a name=\"englisches-fruehstueck-bedeutung\"><\/a>Woraus besteht ein kontinentales Fr\u00fchst\u00fcck?<\/h2>\n\n\n\n<p>Das kontinentale Fr\u00fchst\u00fcck ist ein einfaches und kleines Fr\u00fchst\u00fcck. Es besteht aus<\/p>\n\n\n\n<ul class=\"wp-block-list\">\n<li>Kaffee oder Tee<\/li>\n\n\n\n<li>Brot oder Br\u00f6tchen und eventuell Croissants<\/li>\n\n\n\n<li>Butter<\/li>\n\n\n\n<li>und Marmelade.<\/li>\n<\/ul>\n\n\n\n<p>Da nicht alle Urlauber S\u00fc\u00dfes m\u00f6gen, f\u00fcgen viele Hotels K\u00e4se und Aufschnitt hinzu. In diesem Fall wird es als erweitertes kontinentales Fr\u00fchst\u00fcck bezeichnet. Bei solch einem Fr\u00fchst\u00fcck, das in einigen Hotels am Tisch, in anderen in Form eines Buffets serviert wird, bekommt ihr in guten H\u00e4usern auch M\u00fcsli, Cornflakes, Joghurt, Obst sowie Eier in Form von gekochten Eiern, Spiegeleiern oder R\u00fchrei. Ein <strong>erweitertes kontinentales Fr\u00fchst\u00fcck<\/strong> ist daher schon sehr viel umfangreicher und s\u00e4ttigender als ein einfaches kontinentales Fr\u00fchst\u00fcck.<\/p>\n\n\n\n<h2 class=\"wp-block-heading\"><a name=\"kontinentales-fruehstueck-ursprung\"><\/a>Woher stammt der Name &#8222;Kontinentales Fr\u00fchst\u00fcck&#8220;?<\/h2>\n\n\n\n<p>Das kontinentale Fr\u00fchst\u00fcck oder continental breakfast bekam seinen Namen von den Briten, deren Fr\u00fchst\u00fcck oft aus zahlreichen kalten und warmen Speisen besteht. Mit diesem Begriff bezeichneten sie ein Fr\u00fchst\u00fcck, das f\u00fcr ihre Verh\u00e4ltnisse eher karg ist. Mit dem Wort continent meinen sie \u00fcbrigens das gesamte europ\u00e4ische Festland.<\/p>\n\n\n\n<h2 class=\"wp-block-heading\"><a name=\"fruehstuecksarten\"><\/a>Welche Fr\u00fchst\u00fccksarten gibt es noch?<\/h2>\n\n\n\n<p>Vielen Urlaubern reicht ein einfaches oder erweitertes kontinentales Fr\u00fchst\u00fcck vollkommen aus. Es s\u00e4ttigt, ist aber dennoch leicht, sodass ihr gleich nach dem Fr\u00fchst\u00fcck Sport treiben und anderen Aktivit\u00e4ten nachgehen k\u00f6nnt. Wenn ihr gern \u00fcppig fr\u00fchst\u00fcckt, sind jedoch das englische oder das amerikanische Fr\u00fchst\u00fcck die bessere Wahl. Diese beiden Fr\u00fchst\u00fccksarten bestehen aus sehr viel mehr Speisen und sind daher auch ideal, wenn ihr tags\u00fcber meist unterwegs seid und zum Beispiel sch\u00f6ne Ausfl\u00fcge in die Umgebung macht. Nach einem ausgiebigen englischen oder amerikanischen Fr\u00fchst\u00fcck kommt ihr mittags vermutlich mit einem kleinen Snack aus, sodass ihr nur noch am Abend eine richtige Mahlzeit ben\u00f6tigt.<\/p>\n\n\n\n<figure class=\"wp-block-image size-large\"><a href=\"https:\/\/www.sonnenklar.tv\/blog\/wp-content\/uploads\/2025\/02\/kontinentales-fruehstueck-1.jpg\"><img fetchpriority=\"high\" decoding=\"async\" width=\"880\" height=\"450\" src=\"https:\/\/www.sonnenklar.tv\/blog\/wp-content\/uploads\/2025\/02\/kontinentales-fruehstueck-1.jpg\" alt=\"Kontinentales Fr\u00fchst\u00fcck\" class=\"wp-image-34576\" srcset=\"https:\/\/www.sonnenklar.tv\/blog\/wp-content\/uploads\/2025\/02\/kontinentales-fruehstueck-1.jpg 880w, https:\/\/www.sonnenklar.tv\/blog\/wp-content\/uploads\/2025\/02\/kontinentales-fruehstueck-1-800x409.jpg 800w, https:\/\/www.sonnenklar.tv\/blog\/wp-content\/uploads\/2025\/02\/kontinentales-fruehstueck-1-120x61.jpg 120w, https:\/\/www.sonnenklar.tv\/blog\/wp-content\/uploads\/2025\/02\/kontinentales-fruehstueck-1-90x46.jpg 90w, https:\/\/www.sonnenklar.tv\/blog\/wp-content\/uploads\/2025\/02\/kontinentales-fruehstueck-1-320x164.jpg 320w, https:\/\/www.sonnenklar.tv\/blog\/wp-content\/uploads\/2025\/02\/kontinentales-fruehstueck-1-560x286.jpg 560w\" sizes=\"(max-width: 880px) 100vw, 880px\" \/><\/a><figcaption class=\"wp-element-caption\">Was ist Kontinentales Fr\u00fchst\u00fcck?<\/figcaption><\/figure>\n\n\n\n<h3 class=\"wp-block-heading\"><a name=\"englisches-fruehstueck\"><\/a>Was geh\u00f6rt zu einem englischen Fr\u00fchst\u00fcck?<\/h3>\n\n\n\n<p><a href=\"https:\/\/www.sonnenklar.tv\/blog\/reiselexikon\/englisches-fruehstueck-bedeutung\/\" target=\"_blank\" rel=\"noopener\">Das englische Fr\u00fchst\u00fcck<\/a> besteht neben Brot, bei dem es sich meist um Toastbrot handelt, aus vielen warmen Speisen. Sehr bekannt ist der Porridge, ein warmer Haferschleim, der aus Haferflocken und Wasser oder Milch gekocht wird. Ihn k\u00f6nnt ihr pur essen, zus\u00e4tzlich s\u00fc\u00dfen oder mit frischen Fr\u00fcchten genie\u00dfen. Dar\u00fcber hinaus werden bei einem englischen Fr\u00fchst\u00fcck Gerichte wie W\u00fcrstchen, Speck, Bohnen in Tomatensauce oder Kartoffelr\u00f6sti serviert.<\/p>\n\n\n\n<p>Weitere Spezialit\u00e4ten aus der englischen K\u00fcche sind der Black Pudding und der White Pudding. Hierbei handelt es sich keineswegs um Pudding, sondern um W\u00fcrste, die in der Variante als Black Pudding unseren Blutw\u00fcrsten \u00e4hneln. Ein englisches Fr\u00fchst\u00fcck ist daher recht deftig und enth\u00e4lt viel Fett. Zu ihm trinkt ihr wie die Briten Tee oder ihr entscheidet euch f\u00fcr Kaffee. Fruchts\u00e4fte sind in der Regel ebenfalls verf\u00fcgbar.<\/p>\n\n\n\n<h3 class=\"wp-block-heading\"><a name=\"amerikanisches-fruehstueck\"><\/a>Was gibt es bei einem amerikanischen Fr\u00fchst\u00fcck?<\/h3>\n\n\n\n<p><a href=\"https:\/\/www.sonnenklar.tv\/blog\/reiselexikon\/amerikanisches-fruehstueck-bedeutung\/\" target=\"_blank\" rel=\"noopener\">Das amerikanische Fr\u00fchst\u00fcck<\/a> \u00e4hnelt dem englischen, denn auch bei dieser Fr\u00fchst\u00fccksart werden warme Speisen wie kross gebratener Speck, gekochte oder gebratene W\u00fcrstchen, Bratkartoffeln, R\u00fchrei, Spiegeleier und sogenannte Hash Browns, die Kartoffelr\u00f6stis \u00e4hneln, serviert. Bei ihm bekommt ihr jedoch auch kalte und leichtere Speisen wie M\u00fcsli, Haferflocken, Cornflakes, Joghurt und Obst. Selbst Tomaten und Gem\u00fcsesorten wie Pilze k\u00f6nnen dazugeh\u00f6ren.<\/p>\n\n\n\n<p>Typisch f\u00fcr ein amerikanisches Fr\u00fchst\u00fcck ist au\u00dferdem Wei\u00dfbrot und die als Biscuits bezeichneten weichen Br\u00f6tchen, die ihr am besten mit Butter und Marmelade oder Honig bestreicht. Ein weiterer wichtiger Bestandteil sind die Pancakes, kleine Pfannkuchen. Sie werden in den Vereinigten Staaten traditionell mit Ahornsirup gegessen. Durch diese vielen, ganz unterschiedlichen Speisen ist das amerikanische Fr\u00fchst\u00fcck sowohl f\u00fcr Urlauber, die gern deftig essen, als auch f\u00fcr Hotelg\u00e4ste, die S\u00fc\u00dfes bevorzugen, attraktiv. Als Getr\u00e4nke gibt es neben Kaffee auch Tee und Fruchts\u00e4fte.<\/p>\n\n\n\n<div class=\"wp-block-buttons is-horizontal is-content-justification-center is-layout-flex wp-container-core-buttons-is-layout-499968f5 wp-block-buttons-is-layout-flex\">\n<div class=\"wp-block-button\"><a class=\"wp-block-button__link wp-element-button\" href=\"https:\/\/www.sonnenklar.tv\" target=\"_blank\" rel=\"noreferrer noopener\">Zu den Urlaubsangeboten<\/a><\/div>\n<\/div>\n\n\n\n<h3 class=\"wp-block-heading\">Mehr zum Thema Verpflegung:<\/h3>\n\n\n\n<p><a href=\"https:\/\/www.sonnenklar.tv\/blog\/reiselexikon\/all-inclusive-bedeutung\/\">All Inclusive<\/a>\u00a0 \u00a0 <a href=\"https:\/\/www.sonnenklar.tv\/blog\/reiselexikon\/amerikanisches-fruehstueck-bedeutung\/\">Amerikanisches Fr\u00fchst\u00fcck<\/a>\u00a0 \u00a0 <a href=\"https:\/\/www.sonnenklar.tv\/blog\/reiselexikon\/englisches-fruehstueck-bedeutung\/\">Englisches Fr\u00fchst\u00fcck<\/a> \u00a0 \u00a0<a href=\"https:\/\/www.sonnenklar.tv\/blog\/reiselexikon\/halbpension-bedeutung\/\">Halbpension<\/a>\u00a0 \u00a0 <a href=\"https:\/\/www.sonnenklar.tv\/blog\/reiselexikon\/vollpension-bedeutung\/\">Vollpension<\/a><\/p>\n\n\n\n<p><a href=\"https:\/\/www.sonnenklar.tv\/blog\/reiselexikon\/\">&lt;&lt; Zur\u00fcck zum Reiselexikon<\/a><\/p>\n","protected":false},"excerpt":{"rendered":"<p>Bei eurer Suche nach einem sch\u00f6nen Urlaubsziel seid ihr sicherlich schon einmal auf den Begriff \u201ekontinentales Fr\u00fchst\u00fcck\u201c gesto\u00dfen und habt euch vielleicht gefragt, was das ist. Hier deshalb eine kleine Erkl\u00e4rung und Informationen, welche Fr\u00fchst\u00fccksarten es sonst noch gibt. Inhaltsverzeichnis Woraus besteht ein kontinentales Fr\u00fchst\u00fcck? Das kontinentale Fr\u00fchst\u00fcck ist ein einfaches und kleines Fr\u00fchst\u00fcck. Es<\/p>\n","protected":false},"author":3,"featured_media":0,"parent":6051,"menu_order":0,"comment_status":"closed","ping_status":"closed","template":"","meta":{"footnotes":""},"class_list":["post-6621","page","type-page","status-publish"],"_links":{"self":[{"href":"https:\/\/www.sonnenklar.tv\/blog\/wp-json\/wp\/v2\/pages\/6621","targetHints":{"allow":["GET"]}}],"collection":[{"href":"https:\/\/www.sonnenklar.tv\/blog\/wp-json\/wp\/v2\/pages"}],"about":[{"href":"https:\/\/www.sonnenklar.tv\/blog\/wp-json\/wp\/v2\/types\/page"}],"author":[{"embeddable":true,"href":"https:\/\/www.sonnenklar.tv\/blog\/wp-json\/wp\/v2\/users\/3"}],"replies":[{"embeddable":true,"href":"https:\/\/www.sonnenklar.tv\/blog\/wp-json\/wp\/v2\/comments?post=6621"}],"version-history":[{"count":14,"href":"https:\/\/www.sonnenklar.tv\/blog\/wp-json\/wp\/v2\/pages\/6621\/revisions"}],"predecessor-version":[{"id":37586,"href":"https:\/\/www.sonnenklar.tv\/blog\/wp-json\/wp\/v2\/pages\/6621\/revisions\/37586"}],"up":[{"embeddable":true,"href":"https:\/\/www.sonnenklar.tv\/blog\/wp-json\/wp\/v2\/pages\/6051"}],"wp:attachment":[{"href":"https:\/\/www.sonnenklar.tv\/blog\/wp-json\/wp\/v2\/media?parent=6621"}],"curies":[{"name":"wp","href":"https:\/\/api.w.org\/{rel}","templated":true}]}}