{"id":6055,"date":"2018-05-03T11:48:13","date_gmt":"2018-05-03T09:48:13","guid":{"rendered":"https:\/\/www.sonnenklar.tv\/blog\/?page_id=6055"},"modified":"2025-12-12T15:44:00","modified_gmt":"2025-12-12T14:44:00","slug":"hostel-bedeutung","status":"publish","type":"page","link":"https:\/\/www.sonnenklar.tv\/blog\/reiselexikon\/hostel-bedeutung\/","title":{"rendered":"Was bedeutet Hostel eigentlich genau?"},"content":{"rendered":"\n<p><strong>Heutzutage gibt es eine Menge an unterschiedlichsten Unterkunftsarten. Eine davon sind die Hostels, wobei diese wiederum individuell ausfallen k\u00f6nnen. Manche Hostels \u00e4hneln modernen Hotels, andere sind mehr mit einer Pension vergleichbar oder bilden einen Zusammenschluss von mehreren Apartments. Was also ist ein Hostel eigentlich genau?<\/strong><\/p>\n\n\n\n<hr class=\"wp-block-separator has-css-opacity\"\/>\n\n\n\n<p><strong>Inhaltsverzeichnis<\/strong><\/p>\n\n\n\n<ul class=\"wp-block-list\">\n<li><a href=\"#hostel-bedeutung\">Was ist ein Hostel?<\/a><\/li>\n\n\n\n<li><a href=\"#hostel-inhalt\">Was beinhaltet ein Hostel?<\/a><\/li>\n\n\n\n<li><a href=\"#hostel-hotel\">Was ist der Unterschied zwischen Hostel, Hotel und Jugendherberge?<\/a><\/li>\n\n\n\n<li><a href=\"#hostel-vorteile-nachteile\">Welche Vorteile und Nachteile hat ein Hostel und f\u00fcr wen ist es geeignet?<\/a><\/li>\n\n\n\n<li><a href=\"#hostel-zu-beachten\">Was sollte man bei der Buchung eines Hostels beachten?<\/a><\/li>\n<\/ul>\n\n\n\n<hr class=\"wp-block-separator has-css-opacity\"\/>\n\n\n\n<h2 class=\"wp-block-heading\"><a name=\"hostel-bedeutung\"><\/a>Was ist ein Hostel?<\/h2>\n\n\n\n<p>Ein Hauptunterschied beim Hostel ist zumeist der Preis, denn gerade, wenn nicht nur Privatzimmer, sondern auch Betten in Mehrbettzimmern angeboten werden, sinkt die Kosten rapide, auch in bester Lage. Das Publikum ist meist bunt gemischt und es lassen sich einfach Kontakte kn\u00fcpfen, somit sind Hostels perfekt f\u00fcr Alleinreisende geeignet.<\/p>\n\n\n\n<h2 class=\"wp-block-heading\"><a name=\"hostel-inhalt\"><\/a>Was beinhaltet ein Hostel?<\/h2>\n\n\n\n<p>In einem Hostel findet ihr die unterschiedlichsten Zimmer\u2013Typen wie Einzelzimmer, Doppel\u2013 oder Mehrbettzimmer sowie Schlafs\u00e4le, so genannte Dorms. Die Schlafs\u00e4le sind manchmal nach M\u00e4nnern und Frauen unterteilt, oftmals auch gemixt. Der Zugang zum Zimmer ist in der Regel rund um die Uhr und ohne Schlie\u00dfungszeiten m\u00f6glich. Zur Sicherheit f\u00fcr eure Taschen und Wertsachen bieten die meisten Hostels Schlie\u00dff\u00e4cher zur Verwahrung. Das Bad ist entweder mit den einzelnen Zimmern verbunden oder man nutzt Dusche und Toilette im Gemeinschaftsbad auf dem Gang. Es gibt au\u00dferdem einen Gemeinschaftsbereich mit Lounge und K\u00fcche, manchmal auch einen Swimmingpool, ein Beachvolleyballfeld, Billiard, Fernsehraum und eine Bar zum gemeinsamen Feiern.<\/p>\n\n\n\n<figure class=\"wp-block-image size-large\"><a href=\"https:\/\/www.sonnenklar.tv\/blog\/wp-content\/uploads\/2025\/02\/hostel-bedeutung-1-1.jpg\"><img fetchpriority=\"high\" decoding=\"async\" width=\"880\" height=\"450\" src=\"https:\/\/www.sonnenklar.tv\/blog\/wp-content\/uploads\/2025\/02\/hostel-bedeutung-1-1.jpg\" alt=\"Hostel Bedeutung\" class=\"wp-image-34527\" srcset=\"https:\/\/www.sonnenklar.tv\/blog\/wp-content\/uploads\/2025\/02\/hostel-bedeutung-1-1.jpg 880w, https:\/\/www.sonnenklar.tv\/blog\/wp-content\/uploads\/2025\/02\/hostel-bedeutung-1-1-800x409.jpg 800w, https:\/\/www.sonnenklar.tv\/blog\/wp-content\/uploads\/2025\/02\/hostel-bedeutung-1-1-120x61.jpg 120w, https:\/\/www.sonnenklar.tv\/blog\/wp-content\/uploads\/2025\/02\/hostel-bedeutung-1-1-90x46.jpg 90w, https:\/\/www.sonnenklar.tv\/blog\/wp-content\/uploads\/2025\/02\/hostel-bedeutung-1-1-320x164.jpg 320w, https:\/\/www.sonnenklar.tv\/blog\/wp-content\/uploads\/2025\/02\/hostel-bedeutung-1-1-560x286.jpg 560w\" sizes=\"(max-width: 880px) 100vw, 880px\" \/><\/a><figcaption class=\"wp-element-caption\">Was ist ein Hostel?<\/figcaption><\/figure>\n\n\n\n<p>Oft ist auch das Fr\u00fchst\u00fccksbuffet inklusive, sodass man gleich satt und gem\u00fctlich in den Tag starten kann. Bettw\u00e4sche und Handt\u00fccher werden von vielen Hostels bereitgestellt oder g\u00fcnstig ausgeliehen, eure eigenen Sachen k\u00f6nnt ihr im Waschraum wieder auffrischen. Einige Hostels bieten au\u00dferdem neben der M\u00f6glichkeit zum Erfahrungsaustausch auch Touren an.<\/p>\n\n\n\n<p>Immer im Vordergrund steht die Gemeinsamkeit und Geselligkeit. Wenn ihr zum Beispiel Tipps oder Hilfe braucht, findet ihr bei euren Mitreisenden oder beim Personal immer einen hilfsbereiten Ansprechpartner. Gerade, wenn man sich weit in der Ferne befindet und dann nach einem langen, exotischen Tag in der Fremde in ein klassisches Hostel zur\u00fcckkommt, f\u00fchlt es sich beinah an wie nach Hause zu kommen.<\/p>\n\n\n\n<h2 class=\"wp-block-heading\"><a name=\"hostel-hotel\"><\/a>Was ist der Unterschied zwischen Hostel, Hotel und Jugendherberge?<\/h2>\n\n\n\n<p>Wie bei einer Jugenherberge ist das Publikum im Hostel eher j\u00fcnger, besonders Rucksacktouristen kann man hier zuhauf antreffen. Doch im Vergleich zur Jugendherberge hat man im Hostel mehr Komfort und Freiheiten, zum Beispiel keine Schlie\u00dfzeiten. Neben mehr oder minder gro\u00dfen Schlafs\u00e4len bieten Hostels eine Reihe an unterschiedlichen Zimmertypen.<\/p>\n\n\n\n<p>Im Vergleich zum klassischen Hotel schneidet das Hostel in punkto Preis deutlich g\u00fcnstiger ab, denn Hostels sind auf Low\u2013Budget\u2013Reisende ausgerichtet. Ein weiterer Unterschied ist die Gemeinschaft. Im Hostel findet man immer Gleichgesinnte, mit denen man morgens beim Fr\u00fchst\u00fccksbuffet quatschen und Tipps austauschen kann. Oder man zieht abends los zur n\u00e4chsten Party, falls sie nicht direkt in der hauseigenen Bar stattfindet.<\/p>\n\n\n\n<p>Im Grunde genommen kann man ein Hostel also als eine Mischung aus Hotel und Herberge bezeichnen \u2013 eine g\u00fcnstige Schlafm\u00f6glichkeit mit dem n\u00f6tigen Mindestkomfort und jeder Menge spannender Begegnungen.<\/p>\n\n\n\n<h2 class=\"wp-block-heading\"><a name=\"hostel-vorteile-nachteile\"><\/a>Welche Vorteile und Nachteile hat ein Hostel und f\u00fcr wen ist es geeignet?<\/h2>\n\n\n\n<p>Die Vorteile liegen auf der Hand: g\u00fcnstiger Preis bei oftmals toller und zentraler Lage, Geselligkeit, Tipps und Infos zum Ort oder auch organisierte Touren wie Ausfl\u00fcge, Barhopping oder Partys vor Ort. Wer allerdings einen sehr leichten Schlaf hat, ist in einem gro\u00dfen Schlafsaal mit vielen jungen und partylustigen Mitbewohnern vielleicht weniger gl\u00fccklich als in einem Einzel\u2013 oder Zweibetttzimmer. Alleinreisende mit dem Bed\u00fcrfnis nach neuen Kontakten und Anschluss, die sich mit einem m\u00e4\u00dfigen Level an Komfort zufrieden geben, finden im Hostel Gleichgesinnte und k\u00f6nnen eine gesellige und lustige Zeit erleben.<\/p>\n\n\n\n<figure class=\"wp-block-image size-large\"><a href=\"https:\/\/www.sonnenklar.tv\/blog\/wp-content\/uploads\/2025\/02\/hostel-bedeutung-1.jpg\"><img decoding=\"async\" width=\"880\" height=\"450\" src=\"https:\/\/www.sonnenklar.tv\/blog\/wp-content\/uploads\/2025\/02\/hostel-bedeutung-1.jpg\" alt=\"Hostel Bedeutung\" class=\"wp-image-34564\" srcset=\"https:\/\/www.sonnenklar.tv\/blog\/wp-content\/uploads\/2025\/02\/hostel-bedeutung-1.jpg 880w, https:\/\/www.sonnenklar.tv\/blog\/wp-content\/uploads\/2025\/02\/hostel-bedeutung-1-800x409.jpg 800w, https:\/\/www.sonnenklar.tv\/blog\/wp-content\/uploads\/2025\/02\/hostel-bedeutung-1-120x61.jpg 120w, https:\/\/www.sonnenklar.tv\/blog\/wp-content\/uploads\/2025\/02\/hostel-bedeutung-1-90x46.jpg 90w, https:\/\/www.sonnenklar.tv\/blog\/wp-content\/uploads\/2025\/02\/hostel-bedeutung-1-320x164.jpg 320w, https:\/\/www.sonnenklar.tv\/blog\/wp-content\/uploads\/2025\/02\/hostel-bedeutung-1-560x286.jpg 560w\" sizes=\"(max-width: 880px) 100vw, 880px\" \/><\/a><figcaption class=\"wp-element-caption\">Was ist ein Hostel?<\/figcaption><\/figure>\n\n\n\n<h2 class=\"wp-block-heading\"><a name=\"hostel-zu-beachten\"><\/a>Was sollte man bei der Buchung eines Hostels beachten?<\/h2>\n\n\n\n<p>Nat\u00fcrlich hat nicht jeder Reisende genau die gleichen Bed\u00fcrfnisse. Somit solltet ihr beim Hostel Buchen genau \u00fcberlegen, welches Hostel zu euren Anspr\u00fcchen passt und worauf ihr besonderen Wert legt. F\u00fcr den einen mag zum Beispiel die Sauberkeit eine gro\u00dfe Rolle spielen, f\u00fcr den anderen die Lage, das Fr\u00fchst\u00fcck oder die Partys. Die Bewertungen vorheriger G\u00e4ste geben meist schnell Aufschluss, ob ihr euch wohlf\u00fchlen werdet.<\/p>\n\n\n\n<div class=\"wp-block-buttons is-horizontal is-content-justification-center is-layout-flex wp-container-core-buttons-is-layout-499968f5 wp-block-buttons-is-layout-flex\">\n<div class=\"wp-block-button\"><a class=\"wp-block-button__link wp-element-button\" href=\"https:\/\/www.sonnenklar.tv\/hotel.html\" target=\"_blank\" rel=\"noreferrer noopener\">Hostel Alternative &#8211; Hotelangebote<\/a><\/div>\n<\/div>\n\n\n\n<h3 class=\"wp-block-heading\">Mehr zum Thema Unterkunft:<\/h3>\n\n\n\n<p><a href=\"https:\/\/www.sonnenklar.tv\/blog\/reiselexikon\/was-bedeuten-hotelsterne\/\">Hotelsterne<\/a>\u00a0 \u00a0 <a href=\"https:\/\/www.sonnenklar.tv\/blog\/reiselexikon\/hotel-abkuerzungen-bedeutung\/\">Hotelabk\u00fcrzungen<\/a>\u00a0\u00a0\u00a0\u00a0<a href=\"https:\/\/www.sonnenklar.tv\/blog\/reiselexikon\/bed-and-breakfast-bedeutung\/\">Bed &amp; Breakfast<\/a>\u00a0 \u00a0 <a href=\"https:\/\/www.sonnenklar.tv\/blog\/reiselexikon\/bungalow-bedeutung\/\">Bungalow<\/a>\u00a0 \u00a0 <a href=\"https:\/\/www.sonnenklar.tv\/blog\/reiselexikon\/finca-bedeutung\/\">Finca<\/a>\u00a0 \u00a0 <a href=\"https:\/\/www.sonnenklar.tv\/blog\/reiselexikon\/chalet-bedeutung\/\">Chalet<\/a>\u00a0 \u00a0\u00a0<a href=\"https:\/\/www.sonnenklar.tv\/blog\/reiselexikon\/riad-bedeutung\/\">Riad<\/a>\u00a0 \u00a0 <a href=\"https:\/\/www.sonnenklar.tv\/blog\/reiselexikon\/biohotel-bedeutung\/\">Biohotel<\/a>\u00a0 \u00a0 <a href=\"https:\/\/www.sonnenklar.tv\/blog\/reiselexikon\/erwachsenenhotel-bedeutung\/\">Erwachsenenhotel<\/a>\u00a0 \u00a0 <a href=\"https:\/\/www.sonnenklar.tv\/blog\/reiselexikon\/aparthotel-bedeutung\/\">Aparthotel<\/a>\u00a0 \u00a0 <a href=\"https:\/\/www.sonnenklar.tv\/blog\/reiselexikon\/vital-hotel-bedeutung\/\">Vital Hotel<\/a>\u00a0 \u00a0\u00a0<a href=\"https:\/\/www.sonnenklar.tv\/blog\/reiselexikon\/glueckshotel-bedeutung\/\">Gl\u00fcckshotel<\/a>\u00a0 \u00a0 <a href=\"https:\/\/www.sonnenklar.tv\/blog\/reiselexikon\/resort-bedeutung\/\">Resort<\/a>\u00a0 \u00a0 <a href=\"https:\/\/www.sonnenklar.tv\/blog\/reiselexikon\/mobilheim-bedeutung\/\">Mobilheim<\/a>\u00a0 \u00a0 <a href=\"https:\/\/www.sonnenklar.tv\/blog\/reiselexikon\/pension-hotel-bedeutung\/\">Pension<\/a>\u00a0 \u00a0 <a href=\"https:\/\/www.sonnenklar.tv\/blog\/reiselexikon\/hotel-garni-bedeutung\/\">Hotel Garni<\/a>\u00a0 \u00a0\u00a0<a href=\"https:\/\/www.sonnenklar.tv\/blog\/reiselexikon\/doppelzimmer-bedeutung\/\">Doppelzimmer<\/a>\u00a0 \u00a0\u00a0<a href=\"https:\/\/www.sonnenklar.tv\/blog\/reiselexikon\/familienzimmer-bedeutung\/\">Familienzimmer<\/a>\u00a0 \u00a0 <a href=\"https:\/\/www.sonnenklar.tv\/blog\/reiselexikon\/sparzimmer-bedeutung\/\">Sparzimmer<\/a>\u00a0 \u00a0 <a href=\"https:\/\/www.sonnenklar.tv\/blog\/reiselexikon\/boutique-hotel-bedeutung\/\">Boutique Hotel<\/a>\u00a0\u00a0\u00a0 <a href=\"https:\/\/www.sonnenklar.tv\/blog\/reiselexikon\/suite-bedeutung\/\">Suite<\/a>\u00a0 \u00a0 <a href=\"https:\/\/www.sonnenklar.tv\/blog\/reiselexikon\/studio-apartment-bedeutung\/\">Studio Apartment<\/a> \u00a0 \u00a0 <a href=\"https:\/\/www.sonnenklar.tv\/blog\/reiselexikon\/kabine-bedeutung\/\">Kabine<\/a>\u00a0 \u00a0 <a href=\"https:\/\/www.sonnenklar.tv\/blog\/reiselexikon\/superiorzimmer-bedeutung\/\">Superiorzimmer<\/a>\u00a0 \u00a0 <a href=\"https:\/\/www.sonnenklar.tv\/blog\/boardinghouse-bedeutung\/\">Boardinghouse<\/a>\u00a0 \u00a0 <a href=\"https:\/\/www.sonnenklar.tv\/blog\/reiselexikon\/ryokan-bedeutung\/\">Ryokan<\/a><\/p>\n\n\n\n<p><a href=\"https:\/\/www.sonnenklar.tv\/blog\/reiselexikon\/\">&lt;&lt; Zur\u00fcck zum Reiselexikon<\/a><\/p>\n","protected":false},"excerpt":{"rendered":"<p>Heutzutage gibt es eine Menge an unterschiedlichsten Unterkunftsarten. Eine davon sind die Hostels, wobei diese wiederum individuell ausfallen k\u00f6nnen. Manche Hostels \u00e4hneln modernen Hotels, andere sind mehr mit einer Pension vergleichbar oder bilden einen Zusammenschluss von mehreren Apartments. Was also ist ein Hostel eigentlich genau? Inhaltsverzeichnis Was ist ein Hostel? Ein Hauptunterschied beim Hostel ist<\/p>\n","protected":false},"author":3,"featured_media":0,"parent":6051,"menu_order":0,"comment_status":"closed","ping_status":"closed","template":"","meta":{"footnotes":""},"class_list":["post-6055","page","type-page","status-publish"],"_links":{"self":[{"href":"https:\/\/www.sonnenklar.tv\/blog\/wp-json\/wp\/v2\/pages\/6055","targetHints":{"allow":["GET"]}}],"collection":[{"href":"https:\/\/www.sonnenklar.tv\/blog\/wp-json\/wp\/v2\/pages"}],"about":[{"href":"https:\/\/www.sonnenklar.tv\/blog\/wp-json\/wp\/v2\/types\/page"}],"author":[{"embeddable":true,"href":"https:\/\/www.sonnenklar.tv\/blog\/wp-json\/wp\/v2\/users\/3"}],"replies":[{"embeddable":true,"href":"https:\/\/www.sonnenklar.tv\/blog\/wp-json\/wp\/v2\/comments?post=6055"}],"version-history":[{"count":40,"href":"https:\/\/www.sonnenklar.tv\/blog\/wp-json\/wp\/v2\/pages\/6055\/revisions"}],"predecessor-version":[{"id":37582,"href":"https:\/\/www.sonnenklar.tv\/blog\/wp-json\/wp\/v2\/pages\/6055\/revisions\/37582"}],"up":[{"embeddable":true,"href":"https:\/\/www.sonnenklar.tv\/blog\/wp-json\/wp\/v2\/pages\/6051"}],"wp:attachment":[{"href":"https:\/\/www.sonnenklar.tv\/blog\/wp-json\/wp\/v2\/media?parent=6055"}],"curies":[{"name":"wp","href":"https:\/\/api.w.org\/{rel}","templated":true}]}}