{"id":24419,"date":"2023-06-19T11:05:52","date_gmt":"2023-06-19T10:05:52","guid":{"rendered":"https:\/\/www.sonnenklar.tv\/blog\/?page_id=24419"},"modified":"2025-12-12T16:14:08","modified_gmt":"2025-12-12T15:14:08","slug":"langzeiturlaub-bedeutung","status":"publish","type":"page","link":"https:\/\/www.sonnenklar.tv\/blog\/reiselexikon\/langzeiturlaub-bedeutung\/","title":{"rendered":"Was ist Langzeiturlaub?"},"content":{"rendered":"\n<p><strong>Wer tr\u00e4umt nicht davon, sich mal eine l\u00e4ngere Auszeit zu g\u00f6nnen und f\u00fcr ein paar Wochen einfach abzutauchen? Genau das ist Langzeiturlaub. Ab einer Reisedauer von drei und mehr Wochen gilt ein Urlaub als Langzeiturlaub. W\u00e4hrend es f\u00fcr Arbeitnehmer schwieriger sein kann, sich eine l\u00e4ngere Auszeit zu nehmen, kann so ein Langzeiturlaub f\u00fcr Rentner eine kosteng\u00fcnstige M\u00f6glichkeit sein, den kalten Winter in einem w\u00e4rmeren Klima zu verbringen.<\/strong><\/p>\n\n\n\n<hr class=\"wp-block-separator has-css-opacity\"\/>\n\n\n\n<p><strong>Inhaltsverzeichnis<\/strong><\/p>\n\n\n\n<ul class=\"wp-block-list\">\n<li><a href=\"#langzeiturlaub-vorteile-nachteile\">Welche Vor- und Nachteile hat Langzeiturlaub?<\/a><\/li>\n\n\n\n<li><a href=\"#langzeiturlaub-laender\">Welche L\u00e4nder eignen sich f\u00fcr Langzeiturlaub?<\/a><\/li>\n\n\n\n<li><a href=\"#langzeiturlaub-unterschiede\">Was unterscheidet den Langzeiturlaub von anderen Reisearten?<\/a><\/li>\n\n\n\n<li><a href=\"#langzeiturlaub-was-beachten\">Was ist beim Langzeiturlaub zu beachten?<\/a><\/li>\n\n\n\n<li><a href=\"#langzeiturlaub-eignung\">F\u00fcr wen ist Langzeiturlaub geeignet?<\/a><\/li>\n<\/ul>\n\n\n\n<hr class=\"wp-block-separator has-css-opacity\"\/>\n\n\n\n<h2 class=\"wp-block-heading\"><a name=\"langzeiturlaub-vorteile-nachteile\"><\/a>Welche Vor- und Nachteile hat Langzeiturlaub?<\/h2>\n\n\n\n<p>Die Vorteile eines Langzeiturlaubs \u00fcberwiegen eindeutig die Nachteile. Beim Langzeiturlaub im Winter entflieht ihr dem tristen Grau unserer Breiten und k\u00f6nnt die s\u00fcdliche Sonne genie\u00dfen. Je nachdem, f\u00fcr welches Ziel ihr euch entscheidet, k\u00f6nnt ihr vielleicht sogar im Meer baden. Ein weiterer positiver Aspekt ist, dass ihr die von euch gew\u00e4hlte Region intensiver kennenlernt als w\u00e4hrend eines einw\u00f6chigen Urlaubs. Ein Langzeiturlaub an einem Ort bringt euch den Einheimischen n\u00e4her, zumal ihr diesen Aufenthalt meist wohl eher in der Nebensaison plant, wenn die Unterkunft g\u00fcnstiger ist. Ein Nachteil eines Langzeiturlaubs im Winter kann jedoch sein, dass ihr daheim die festliche Atmosph\u00e4re zur Weihnachtszeit verpasst, denn auch Weihnachten unter Palmen ist nicht jedermanns Sache. Au\u00dferdem k\u00f6nnte es sein, dass ihr zu Hause Termine verpasst, die f\u00fcr Menschen, die euch nahe stehen, von gro\u00dfer Bedeutung sind. Sofern ihr aber nicht vorhabt, mehrere Monate weg zu bleiben, k\u00f6nnt ihr den Termin eures Langzeiturlaubs entsprechend planen.<\/p>\n\n\n\n<h2 class=\"wp-block-heading\"><a name=\"langzeiturlaub-laender\"><\/a>Welche L\u00e4nder eignen sich f\u00fcr Langzeiturlaub?<\/h2>\n\n\n\n<p>Das h\u00e4ngt ein bisschen von euren Vorlieben ab. W\u00e4hrend die einen den Langzeiturlaub dazu nutzen m\u00f6chten, dem Wintergrau zu entfliehen, kann f\u00fcr andere der Grund sein, einmal die Saisonkarte im Lieblingsskigebiet voll auszunutzen. Bei den meisten wird aber der Wunsch zu \u00fcberwintern im Vordergrund stehen und dann empfehlen sich besonders die L\u00e4nder rund ums Mittelmeer. So gibt es durchaus attraktive Angebote f\u00fcr die T\u00fcrkei, aber auch Mallorca ist ein beliebtes Ziel f\u00fcr Langzeiturlaub. Auf den Kanaren ist das Klima im Winter angenehm genug, um entspannte Badetage am Strand zu verbringen. Wenn ihr es im Winter richtig sommerlich haben wollt, empfehlen sich die Karibik oder Mexiko. Auch in asiatischen L\u00e4ndern wie Thailand, Vietnam oder auf der indonesischen Insel Bali genie\u00dft ihr dann tropische W\u00e4rme. Aber ein Langzeiturlaub muss ja nicht auf einen Ort beschr\u00e4nkt bleiben. Viele nutzen eine lange Auszeit, um gro\u00dfe, ferne L\u00e4nder wie Australien oder die USA mit einem Wohnmobil intensiv zu erkunden.<\/p>\n\n\n\n<h2 class=\"wp-block-heading\"><a name=\"langzeiturlaub-unterschiede\"><\/a>Was unterscheidet den Langzeiturlaub von anderen Reisearten?<\/h2>\n\n\n\n<p>Ein Langzeiturlaub bietet die M\u00f6glichkeit, ein Reiseziel besonders intensiv kennenzulernen oder eine l\u00e4ngere Zeit mit geliebten Menschen zu verbringen. Auch die Elternzeit k\u00f6nnt ihr f\u00fcr einen Langzeiturlaub nutzen und so die ersten Monate mit eurem Baby voll auskosten. Der gro\u00dfe Unterschied zu anderen Reisearten ist, dass ihr entweder mehr Gep\u00e4ck mitnehmen oder aber im Urlaub auch mal W\u00e4sche waschen und andere Hausarbeiten verrichten m\u00fcsst. Das m\u00fcsstet ihr aber zu Hause ja auch. W\u00e4hrend ihr euch in einem k\u00fcrzeren Urlaub in einem Hotel verw\u00f6hnen lasst, werdet ihr f\u00fcr euren Langzeiturlaub, auch schon aus Kostengr\u00fcnden, eher ein Appartement oder Ferienhaus buchen. Wobei es inzwischen durchaus auch Hotels gibt, die ihr Haus in der Nebensaison mit speziellen Angeboten f\u00fcr Langzeiturlauber zu f\u00fcllen versuchen. Wer seinen Langzeiturlaub f\u00fcr eine Fernreise nutzt, erkundet die Welt auf eine nachhaltigere Weise als jemand, der mehrmals im Jahr einen kurzen Urlaub mit entsprechendem Flug unternimmt.<\/p>\n\n\n\n<p><a href=\"https:\/\/www.sonnenklar.tv\/promo\/langzeiturlaub.html\">Entdecke Angebote zum Langzeiturlaub und buche unkompliziert deine lange Auszeit!<\/a><\/p>\n\n\n<div class=\"wp-block-image\">\n<figure class=\"aligncenter\"><a href=\"https:\/\/www.sonnenklar.tv\/blog\/wp-content\/uploads\/2022\/07\/GettyImages_1157351179_Strand-Paar.jpg_3022242_master.jpg\"><img fetchpriority=\"high\" decoding=\"async\" width=\"880\" height=\"450\" src=\"https:\/\/www.sonnenklar.tv\/blog\/wp-content\/uploads\/2022\/07\/GettyImages_1157351179_Strand-Paar.jpg_3022242_master.jpg\" alt=\"Paar genie\u00dft am Strand eine lange Auszeit vom Alltag beim Langzeiturlaub\" class=\"wp-image-20368\" srcset=\"https:\/\/www.sonnenklar.tv\/blog\/wp-content\/uploads\/2022\/07\/GettyImages_1157351179_Strand-Paar.jpg_3022242_master.jpg 880w, https:\/\/www.sonnenklar.tv\/blog\/wp-content\/uploads\/2022\/07\/GettyImages_1157351179_Strand-Paar.jpg_3022242_master-300x153.jpg 300w, https:\/\/www.sonnenklar.tv\/blog\/wp-content\/uploads\/2022\/07\/GettyImages_1157351179_Strand-Paar.jpg_3022242_master-768x393.jpg 768w\" sizes=\"(max-width: 880px) 100vw, 880px\" \/><\/a><figcaption class=\"wp-element-caption\">Mal richtig abschalten vom Alltag beim Langzeiturlaub<\/figcaption><\/figure>\n<\/div>\n\n\n<h2 class=\"wp-block-heading\"><a name=\"langzeiturlaub-was-beachten\"><\/a>Was ist beim Langzeiturlaub zu beachten?<\/h2>\n\n\n\n<p>Das Wichtigste bei einem Langzeiturlaub ist zun\u00e4chst einmal die Planung. Das Land, das ihr besuchen wollt, sollte euch ausreichend faszinieren. Au\u00dferdem k\u00f6nnt ihr nicht unbedingt davon ausgehen, dass ihr in eurem Urlaubsland immer jemanden findet, der Deutsch spricht. In den meisten L\u00e4ndern kommt ihr mit Englisch sehr gut zurecht, aber wenn ihr Land und Leute richtig kennenlernen wollt, empfiehlt es sich, sich zumindest Grundkenntnisse der Landessprache anzueignen. Ihr k\u00f6nnt ja euren Langzeiturlaub auch f\u00fcr einen Sprachkurs nutzen. Sehr wichtig ist zudem die Planung eures Reisebudgets. Gerade wenn ihr plant mehrere Monate wegzubleiben, habt ihr zu Hause Kosten, die weiter auflaufen und m\u00fcsst gleichzeitig im Urlaubsland gut leben k\u00f6nnen. Sobald ihr dar\u00fcber nachdenkt einen Langzeiturlaub zu buchen, haltet Ausschau nach g\u00fcnstigen Angeboten. Oftmals bieten euch die Unterk\u00fcnfte einen Langzeitrabatt oder einen Fr\u00fchbucherbonus, wenn ihr rechtzeitig bucht. Kl\u00e4rt auch mit eurer Krankenkasse, was es in dem Land eurer Wahl zu beachten gibt, wenn ihr medizinische Hilfe braucht. Wichtige Dokumente habt ihr in Kopie an einem sicheren Ort aufbewahrt und zu Hause habt ihr eine Vertrauensperson, die euren Briefkasten leert und ab und zu nach dem Rechten schaut.<\/p>\n\n\n\n<h2 class=\"wp-block-heading\"><a name=\"langzeiturlaub-eignung\"><\/a>F\u00fcr wen ist Langzeiturlaub geeignet?<\/h2>\n\n\n\n<p>Ihr habt ein Leben lang gearbeitet und genie\u00dft nun endlich den wohlverdienten Ruhestand? Rentner sind sicherlich die erste Gruppe, an die man denkt, wenn es um Langzeiturlaub geht. Immer \u00f6fter wollen Arbeitnehmer aber nicht so lange warten bis sie sich eine l\u00e4ngere Auszeit g\u00f6nnen. Viele Arbeitgeber erm\u00f6glichen ihren Mitarbeitern inzwischen ein Sabbatical. In dem Fall nehmt ihr euch so lange frei, wie ihr braucht und habt nach eurer R\u00fcckkehr euren Job sicher wieder. Allerdings ist ein Sabbatical gleichbedeutend mit unbezahltem Urlaub. Vielleicht l\u00e4sst sich die Firma ja eher von der Notwendigkeit \u00fcberzeugen, wenn ihr den Langzeiturlaub f\u00fcr eine Weiterbildung wie zum Beispiel einem Sprachkurs nutzt. Eine weitere Gruppe, die sich mit der richtigen Planung einen Langzeiturlaub genehmigen kann, sind junge Eltern in Elternzeit. Das gibt euch die M\u00f6glichkeit, die ersten Monate mit eurem Baby besonders intensiv zu genie\u00dfen und im Familiengl\u00fcck zu schwelgen. In den letzten Jahren hat auch die Zahl der Arbeitgeber zugenommen, die euch eine Workation, also eine Kombination aus Arbeit und Langzeiturlaub gew\u00e4hren.<\/p>\n\n\n\n<div class=\"wp-block-buttons is-horizontal is-content-justification-center is-layout-flex wp-container-core-buttons-is-layout-499968f5 wp-block-buttons-is-layout-flex\">\n<div class=\"wp-block-button\"><a class=\"wp-block-button__link wp-element-button\" href=\"https:\/\/www.sonnenklar.tv\/promo\/langzeiturlaub.html\" target=\"_blank\" rel=\"noreferrer noopener\">Langzeiturlaub angebote<\/a><\/div>\n<\/div>\n\n\n\n<h3 class=\"wp-block-heading\">Mehr zum Thema Reiseart:<\/h3>\n\n\n\n<p><a href=\"https:\/\/www.sonnenklar.tv\/blog\/reiselexikon\/backpacking-bedeutung\/\">Backpacking<\/a> \u00a0\u00a0 <a href=\"https:\/\/www.sonnenklar.tv\/blog\/reiselexikon\/cluburlaub-bedeutung\/\" target=\"_blank\" rel=\"noreferrer noopener\">Cluburlaub<\/a> \u00a0 \u00a0<a href=\"https:\/\/www.sonnenklar.tv\/blog\/reiselexikon\/glamping-bedeutung\/\">Glamping<\/a>\u00a0 \u00a0 <a href=\"https:\/\/www.sonnenklar.tv\/blog\/reiselexikon\/individualreise-bedeutung\/\">Individualreise<\/a>\u00a0 \u00a0 <a href=\"https:\/\/www.sonnenklar.tv\/blog\/reiselexikon\/inselhopping-bedeutung\/\">Inselhopping<\/a>\u00a0 \u00a0 <a href=\"https:\/\/www.sonnenklar.tv\/blog\/reiselexikon\/kreuzfahrt-bedeutung\/\">Kreuzfahrt<\/a>\u00a0 \u00a0\u00a0<a href=\"https:\/\/www.sonnenklar.tv\/blog\/reiselexikon\/last-minute-bedeutung\/\">Last Minute<\/a>\u00a0 \u00a0 <a href=\"https:\/\/www.sonnenklar.tv\/blog\/reiselexikon\/pauschalreise-bedeutung\/\">Pauschalreise<\/a>\u00a0 \u00a0 <a href=\"https:\/\/www.sonnenklar.tv\/blog\/reiselexikon\/was-ist-ein-roadtrip\/\">Roadtrip<\/a><\/p>\n\n\n\n<p><a href=\"https:\/\/www.sonnenklar.tv\/blog\/reiselexikon\/\">&lt;&lt; Zur\u00fcck zum Reiselexikon<\/a><\/p>\n","protected":false},"excerpt":{"rendered":"<p>Wer tr\u00e4umt nicht davon, sich mal eine l\u00e4ngere Auszeit zu g\u00f6nnen und f\u00fcr ein paar Wochen einfach abzutauchen? Genau das ist Langzeiturlaub. Ab einer Reisedauer von drei und mehr Wochen gilt ein Urlaub als Langzeiturlaub. W\u00e4hrend es f\u00fcr Arbeitnehmer schwieriger sein kann, sich eine l\u00e4ngere Auszeit zu nehmen, kann so ein Langzeiturlaub f\u00fcr Rentner eine<\/p>\n","protected":false},"author":3,"featured_media":0,"parent":6051,"menu_order":0,"comment_status":"closed","ping_status":"closed","template":"","meta":{"footnotes":""},"class_list":["post-24419","page","type-page","status-publish"],"_links":{"self":[{"href":"https:\/\/www.sonnenklar.tv\/blog\/wp-json\/wp\/v2\/pages\/24419","targetHints":{"allow":["GET"]}}],"collection":[{"href":"https:\/\/www.sonnenklar.tv\/blog\/wp-json\/wp\/v2\/pages"}],"about":[{"href":"https:\/\/www.sonnenklar.tv\/blog\/wp-json\/wp\/v2\/types\/page"}],"author":[{"embeddable":true,"href":"https:\/\/www.sonnenklar.tv\/blog\/wp-json\/wp\/v2\/users\/3"}],"replies":[{"embeddable":true,"href":"https:\/\/www.sonnenklar.tv\/blog\/wp-json\/wp\/v2\/comments?post=24419"}],"version-history":[{"count":6,"href":"https:\/\/www.sonnenklar.tv\/blog\/wp-json\/wp\/v2\/pages\/24419\/revisions"}],"predecessor-version":[{"id":37631,"href":"https:\/\/www.sonnenklar.tv\/blog\/wp-json\/wp\/v2\/pages\/24419\/revisions\/37631"}],"up":[{"embeddable":true,"href":"https:\/\/www.sonnenklar.tv\/blog\/wp-json\/wp\/v2\/pages\/6051"}],"wp:attachment":[{"href":"https:\/\/www.sonnenklar.tv\/blog\/wp-json\/wp\/v2\/media?parent=24419"}],"curies":[{"name":"wp","href":"https:\/\/api.w.org\/{rel}","templated":true}]}}