{"id":23985,"date":"2023-06-02T11:00:24","date_gmt":"2023-06-02T10:00:24","guid":{"rendered":"https:\/\/www.sonnenklar.tv\/blog\/?page_id=23985"},"modified":"2025-12-12T16:11:28","modified_gmt":"2025-12-12T15:11:28","slug":"transit-bedeutung","status":"publish","type":"page","link":"https:\/\/www.sonnenklar.tv\/blog\/reiselexikon\/transit-bedeutung\/","title":{"rendered":"Was bedeutet Transit?"},"content":{"rendered":"\n<p><strong>Wenn ihr eine Fernreise plant, kann es durchaus sein, dass ihr auf eurem Flug einmal umsteigen m\u00fcsst. Findet dieses Umsteigen in einem anderen Land als eurem Zielland statt, spricht man von einem Transit. Je nach Land, in dem dieser Transit stattfindet, gelten unterschiedliche Regeln. Diese wollen wir euch hier genauer erkl\u00e4ren.<\/strong><\/p>\n\n\n\n<hr class=\"wp-block-separator has-css-opacity\"\/>\n\n\n\n<p><strong>Inhaltsverzeichnis<\/strong><\/p>\n\n\n\n<ul class=\"wp-block-list\">\n<li>\n<ul class=\"wp-block-list\">\n<li><a href=\"#transitarten\">Welche Transitarten gibt es?<\/a><\/li>\n\n\n\n<li><a href=\"#transitbereich\">Was ist der Transitbereich am Flughafen und warum gibt es diesen?<\/a><\/li>\n\n\n\n<li><a href=\"#transitbereich-verlassen\">Darf man den Transitbereich verlassen?<\/a><\/li>\n\n\n\n<li><a href=\"#transit-dauer\">Wie lange dauert ein Transit?<\/a><\/li>\n\n\n\n<li><a href=\"#transit-was-beachten\">Was muss man beim Transit beachten?<\/a><\/li>\n<\/ul>\n<\/li>\n<\/ul>\n\n\n\n<hr class=\"wp-block-separator has-css-opacity\"\/>\n\n\n\n<h2 class=\"wp-block-heading\"><a name=\"transitarten\"><\/a>Welche Transitarten gibt es?<\/h2>\n\n\n\n<p>Das Wort Transit leitet sich aus dem Lateinischen ab und bedeutet Hin\u00fcbergehen oder \u00dcbergang. Auf euren Fl\u00fcgen bedeutet das, dass ihr ein Land \u201edurchqueren\u201c m\u00fcsst, das weder euer Ausgangsland noch euer Zielland ist. Sofern dieses Land innerhalb der Europ\u00e4ischen Union liegt oder von B\u00fcrgern der Europ\u00e4ischen Union kein Visum verlangt, ist dieser Transit eher ein Umsteigen und v\u00f6llig problemlos. Etwas Anderes ist es, wenn das Transitland von seinen Besuchern ein Visum zur Einreise verlangt. In solchen F\u00e4llen wird der Transit als eine Ein- und Ausreise gesehen und es kann durchaus sein, dass ihr selbst f\u00fcr den Transit ein sogenanntes Transitvisum bei der Botschaft des betreffenden Landes anfordern m\u00fcsst. Das gilt zu Beispiel f\u00fcr Indien oder China. Wenn das der Fall ist, empfiehlt es sich, dieses rechtzeitig vor eurer Abreise zu beantragen. Habt ihr dieses Visum nicht, kann euch die Fluggesellschaft schon vor Abflug in Deutschland den Zugang zum Flieger verweigern.<\/p>\n\n\n\n<h2 class=\"wp-block-heading\"><a name=\"transitbereich\"><\/a>Was ist der Transitbereich am Flughafen und warum gibt es diesen?<\/h2>\n\n\n\n<p>Jeder internationale Flughafen verf\u00fcgt \u00fcber einen Transitbereich. In der Regel findet ihr dort Restaurants und vielleicht auch Gesch\u00e4fte, die euch eine eventuelle Wartezeit verk\u00fcrzen sollen. In diesem Transitbereich befindet ihr euch zwar in dem jeweiligen Land, geltet aber nicht als eingereister Besucher des Landes. Meistens m\u00fcsst ihr im Transitbereich nicht durch eine Passkontrolle, weil ihr in einem abgesperrten Bereich seid und ihr das Land also nicht wirklich betreten k\u00f6nnt. Solange ihr euch in diesem Transitbereich aufhaltet, seid ihr offiziell nicht in das Land eingereist, k\u00f6nnt aber diesen Bereich auch nicht verlassen. F\u00fcr Flugh\u00e4fen mit solch abgetrennten Transitbereichen braucht ihr dann in der Regel nur ein Flughafentransitvisum. Es gibt aber auch L\u00e4nder, wie zum Beispiel die USA, die keine speziellen Transitbereiche haben. Dann wird euer Transit wie eine Einreise behandelt und ihr m\u00fcsst entsprechend Zeit einplanen.<\/p>\n\n\n\n<h2 class=\"wp-block-heading\"><a name=\"transitbereich-verlassen\"><\/a>Darf man den Transitbereich verlassen?<\/h2>\n\n\n\n<p>Bietet der Flughafen, an dem ihr umsteigt, einen speziell ausgewiesenen Transitbereich, d\u00fcrft ihr diesen nicht verlassen. Wie bereits erw\u00e4hnt geht es dann darum, euch das Umsteigen zu erleichtern. Da ihr im Transitbereich nicht offiziell in das Land einreist, wird euch die zeitraubende Passkontrolle erspart, daf\u00fcr d\u00fcrft ihr euch dann nur in diesem Bereich aufhalten. Wenn das Land, in dem ihr umsteigt, ein Visum von euch verlangt, kommt es darauf an, ob das Transitvisum nur f\u00fcr den Flughafen gilt oder ob es ein Durchreisevisum ist, das euch unter Umst\u00e4nden einen l\u00e4ngeren Aufenthalt von ein paar Tagen in dem Land gew\u00e4hrt. In dem Fall d\u00fcrft ihr den Transitbereich verlassen, um in einem Hotel zu \u00fcbernachten oder eine l\u00e4ngere Umsteigezeit mit einem Ausflug interessanter zu gestalten. Einen echten Transitbereich gibt es inzwischen nur noch in wenigen L\u00e4ndern. Meistens m\u00fcsst ihr durch eine Passkontrolle und euer Transit wird dann zu einem Umsteigen und ihr k\u00f6nnt die Zeit, die euch daf\u00fcr zur Verf\u00fcgung steht, so nutzen, wie ihr es wollt.<\/p>\n\n\n<div class=\"wp-block-image\">\n<figure class=\"aligncenter\"><a href=\"https:\/\/www.sonnenklar.tv\/blog\/wp-content\/uploads\/2023\/06\/2014236-Flughafen-Wartebereich.jpg\"><img fetchpriority=\"high\" decoding=\"async\" width=\"880\" height=\"450\" src=\"https:\/\/www.sonnenklar.tv\/blog\/wp-content\/uploads\/2023\/06\/2014236-Flughafen-Wartebereich.jpg\" alt=\"Reisender im Wartebereich am Flughafen\" class=\"wp-image-23987\" srcset=\"https:\/\/www.sonnenklar.tv\/blog\/wp-content\/uploads\/2023\/06\/2014236-Flughafen-Wartebereich.jpg 880w, https:\/\/www.sonnenklar.tv\/blog\/wp-content\/uploads\/2023\/06\/2014236-Flughafen-Wartebereich-800x409.jpg 800w, https:\/\/www.sonnenklar.tv\/blog\/wp-content\/uploads\/2023\/06\/2014236-Flughafen-Wartebereich-18x9.jpg 18w, https:\/\/www.sonnenklar.tv\/blog\/wp-content\/uploads\/2023\/06\/2014236-Flughafen-Wartebereich-150x77.jpg 150w, https:\/\/www.sonnenklar.tv\/blog\/wp-content\/uploads\/2023\/06\/2014236-Flughafen-Wartebereich-450x230.jpg 450w, https:\/\/www.sonnenklar.tv\/blog\/wp-content\/uploads\/2023\/06\/2014236-Flughafen-Wartebereich-768x393.jpg 768w, https:\/\/www.sonnenklar.tv\/blog\/wp-content\/uploads\/2023\/06\/2014236-Flughafen-Wartebereich-300x153.jpg 300w\" sizes=\"(max-width: 880px) 100vw, 880px\" \/><\/a><figcaption class=\"wp-element-caption\">Im Transitbereich warten Reisende auf ihren Anschlussflug<\/figcaption><\/figure>\n<\/div>\n\n\n<h2 class=\"wp-block-heading\"><a name=\"transit-dauer\"><\/a>Wie lange dauert ein Transit?<\/h2>\n\n\n\n<p>Ein Transit ist als \u00dcbergang gedacht und daher zeitlich begrenzt. Wie lange er dauert, h\u00e4ngt von eurem Flugplan ab. Handelt es sich nur um ein Umsteigen von einem Flug auf den n\u00e4chsten bei derselben Airline, kann es ein, dass ihr gerade mal ein bis zwei Stunden Zeit daf\u00fcr habt. Das kann zum Beispiel in den USA sehr knapp werden und in Stress ausarten. Denn dort m\u00fcsst ihr mangels spezieller Transitbereiche mit Pass- und Gep\u00e4ckkontrolle einreisen und auch wieder ausreisen und euer Gep\u00e4ck wieder neu aufgeben. Plant also bei einem Flug \u00fcber die USA lieber mehr Zeit f\u00fcr den Transit ein. In der Regel werden die n\u00f6tigen Transitzeiten bei der Flugbuchung automatisch mit eingerechnet. Die Erfahrung zeigt aber, dass diese trotzdem oft sehr knapp bemessen sind. Je nach Flugplan und Flugfrequenz zu eurem Endziel kann ein Transit auch schon mal bis zu 24 Stunden dauern.<\/p>\n\n\n\n<h2 class=\"wp-block-heading\"><a name=\"transit-was-beachten\"><\/a>Was muss man beim Transit beachten?<\/h2>\n\n\n\n<p>Das Wichtigste ist, dass ihr euch schon bei der Buchung eures Fluges erkundigt, ob ihr am Umsteigeflughafen ein Transitvisum ben\u00f6tigt. Das h\u00e4ngt zum einen davon ab, aus welchem Land ihr eure Reise startet, und welches Land euren Reisepass ausgestellt hat. Wenn ihr nicht die n\u00f6tigen Papiere vorlegen k\u00f6nnt, kann das sehr schnell teuer f\u00fcr euch werden und euch die Urlaubslaune gr\u00fcndlich vermiesen. In der Regel findet ihr die Informationen zu den ben\u00f6tigten Dokumenten auf der Webseite eurer Airline. Auch das Ausw\u00e4rtige Amt h\u00e4lt f\u00fcr deutsche Staatsb\u00fcrger entsprechende Informationen bereit. Habt ihr einen Pass eines anderen Landes, wendet euch an eure Botschaft hier in Deutschland. Sofern ihr alle n\u00f6tigen Papiere habt, m\u00fcsst ihr bei eurem Transit dann nur noch beachten, dass ihr euren Anschlussflug nicht verpasst<\/p>\n\n\n\n<div class=\"wp-block-buttons is-horizontal is-content-justification-center is-layout-flex wp-container-core-buttons-is-layout-499968f5 wp-block-buttons-is-layout-flex\">\n<div class=\"wp-block-button\"><a class=\"wp-block-button__link wp-element-button\" href=\"https:\/\/www.sonnenklar.tv\/tv-specials\/fluege.html\" target=\"_blank\" rel=\"noreferrer noopener\">fl\u00fcge finden  &amp; vergleichen<\/a><\/div>\n<\/div>\n\n\n\n<h3 class=\"wp-block-heading\">Weitere Reisebegriffe:<\/h3>\n\n\n\n<p><a href=\"https:\/\/www.sonnenklar.tv\/blog\/reiselexikon\/all-inclusive-bedeutung\/\">All Inclusive<\/a>\u00a0 \u00a0\u00a0<a href=\"https:\/\/www.sonnenklar.tv\/blog\/reiselexikon\/halbpension-bedeutung\/\">Halbpension<\/a>\u00a0 \u00a0\u00a0<a href=\"https:\/\/www.sonnenklar.tv\/blog\/reiselexikon\/vollpension-bedeutung\/\">Vollpension<\/a>\u00a0 \u00a0 <a href=\"https:\/\/www.sonnenklar.tv\/blog\/reiselexikon\/monsun-bedeutung\/\">Monsun<\/a>\u00a0 \u00a0\u00a0<a href=\"https:\/\/www.sonnenklar.tv\/blog\/reiselexikon\/schwanzflug-bedeutung\/\">Schwanzflug<\/a>\u00a0 \u00a0\u00a0<a href=\"https:\/\/www.sonnenklar.tv\/blog\/reiselexikon\/gabelflug-bedeutung\/\">Gabelflug<\/a>\u00a0 \u00a0\u00a0<a href=\"https:\/\/www.sonnenklar.tv\/blog\/reiselexikon\/glamping-bedeutung\/\">Glamping<\/a>\u00a0 \u00a0 <a href=\"https:\/\/www.sonnenklar.tv\/blog\/reiselexikon\/biohotel-bedeutung\/\">Bio Hotel<\/a>\u00a0 \u00a0\u00a0<a href=\"https:\/\/www.sonnenklar.tv\/blog\/reiselexikon\/hostel-bedeutung\/\">Hostel<\/a>\u00a0 \u00a0\u00a0<a href=\"https:\/\/www.sonnenklar.tv\/blog\/reiselexikon\/suite-bedeutung\/\">Suite<\/a>\u00a0 \u00a0 <a href=\"https:\/\/www.sonnenklar.tv\/blog\/reiselexikon\/superiorzimmer-bedeutung\/\">Superiorzimmer<\/a>\u00a0 \u00a0 \u00a0<a href=\"https:\/\/www.sonnenklar.tv\/blog\/reiselexikon\/hotel-garni-bedeutung\/\">Hotel Garni<\/a>\u00a0 \u00a0 <a href=\"https:\/\/www.sonnenklar.tv\/blog\/reiselexikon\/last-minute-bedeutung\/\">Last Minute<\/a>\u00a0 \u00a0\u00a0<a href=\"https:\/\/www.sonnenklar.tv\/blog\/reiselexikon\/pauschalreise-bedeutung\/\">Pauschalreise<\/a>\u00a0 \u00a0 <a href=\"https:\/\/www.sonnenklar.tv\/blog\/reiselexikon\/individualreise-bedeutung\/\">Individualreise<\/a> \u00a0 \u00a0 <a href=\"https:\/\/www.sonnenklar.tv\/blog\/reiselexikon\/langzeiturlaub-bedeutung\/\">Langzeiturlaub<\/a>\u00a0 \u00a0 <a href=\"https:\/\/www.sonnenklar.tv\/blog\/reiselexikon\/kreuzfahrt-bedeutung\/\">Kreuzfahrt<\/a> \u00a0\u00a0 <a href=\"https:\/\/www.sonnenklar.tv\/blog\/reiselexikon\/was-ist-ein-kurort\/\">Kurort<\/a>\u00a0 \u00a0\u00a0<a href=\"https:\/\/www.sonnenklar.tv\/blog\/reiselexikon\/einzelzimmerzuschlag-bedeutung\/\">Einzelzimmerzuschlag<\/a>\u00a0 \u00a0 <a href=\"https:\/\/www.sonnenklar.tv\/blog\/reiselexikon\/fremdwaehrungsgebuehren-bedeutung\/\">Fremdw\u00e4hrungsgeb\u00fchren<\/a>\u00a0 \u00a0 <a href=\"https:\/\/www.sonnenklar.tv\/blog\/reiselexikon\/fruehbucherrabatt-bedeutung\/\">Fr\u00fchbucherrabatt<\/a>\u00a0 \u00a0\u00a0<a href=\"https:\/\/www.sonnenklar.tv\/blog\/reiselexikon\/duty-free-bedeutung\/\">Duty-free<\/a>\u00a0 \u00a0\u00a0<a href=\"https:\/\/www.sonnenklar.tv\/blog\/reiselexikon\/kinderfestpreis-bedeutung\/\">Kinderfestpreis<\/a>\u00a0 \u00a0\u00a0<a href=\"https:\/\/www.sonnenklar.tv\/blog\/reiselexikon\/was-ist-ein-kurort\/\">Kurort<\/a>\u00a0 \u00a0\u00a0<a href=\"https:\/\/www.sonnenklar.tv\/blog\/reiselexikon\/was-bedeutet-spa\/\">Spa<\/a>\u00a0 \u00a0\u00a0<a href=\"https:\/\/www.sonnenklar.tv\/blog\/reiselexikon\/sanarium-bedeutung\/\">Sanarium<\/a>\u00a0 \u00a0\u00a0<a href=\"https:\/\/www.sonnenklar.tv\/blog\/reiselexikon\/was-bedeutet-hamam\/\">Hamam<\/a>\u00a0 \u00a0 <a href=\"https:\/\/www.sonnenklar.tv\/blog\/reiselexikon\/rail-and-fly-bedeutung\/\">Rail and Fly<\/a>\u00a0 \u00a0 <a href=\"https:\/\/www.sonnenklar.tv\/blog\/reiselexikon\/transit-bedeutung\/\">Transit<\/a>\u00a0 \u00a0 <a href=\"https:\/\/www.sonnenklar.tv\/blog\/reiselexikon\/esta-bedeutung\/\">ESTA<\/a>\u00a0 \u00a0 <a href=\"https:\/\/www.sonnenklar.tv\/blog\/reiselexikon\/e-ticket-bedeutung\/\">E-Ticket<\/a>\u00a0 \u00a0 <a href=\"https:\/\/www.sonnenklar.tv\/blog\/reiselexikon\/was-ist-ein-visum\/\">Visum<\/a>\u00a0 \u00a0 <a href=\"https:\/\/www.sonnenklar.tv\/blog\/reiselexikon\/einschiffung-ausschiffung-bedeutung\/\">Einschiffung<\/a>\u00a0 \u00a0 <a href=\"https:\/\/www.sonnenklar.tv\/blog\/reiselexikon\/tendern-bedeutung\/\">Tendern<\/a><\/p>\n","protected":false},"excerpt":{"rendered":"<p>Wenn ihr eine Fernreise plant, kann es durchaus sein, dass ihr auf eurem Flug einmal umsteigen m\u00fcsst. Findet dieses Umsteigen in einem anderen Land als eurem Zielland statt, spricht man von einem Transit. Je nach Land, in dem dieser Transit stattfindet, gelten unterschiedliche Regeln. Diese wollen wir euch hier genauer erkl\u00e4ren. Inhaltsverzeichnis Welche Transitarten gibt<\/p>\n","protected":false},"author":3,"featured_media":0,"parent":6051,"menu_order":0,"comment_status":"closed","ping_status":"closed","template":"","meta":{"footnotes":""},"class_list":["post-23985","page","type-page","status-publish"],"_links":{"self":[{"href":"https:\/\/www.sonnenklar.tv\/blog\/wp-json\/wp\/v2\/pages\/23985","targetHints":{"allow":["GET"]}}],"collection":[{"href":"https:\/\/www.sonnenklar.tv\/blog\/wp-json\/wp\/v2\/pages"}],"about":[{"href":"https:\/\/www.sonnenklar.tv\/blog\/wp-json\/wp\/v2\/types\/page"}],"author":[{"embeddable":true,"href":"https:\/\/www.sonnenklar.tv\/blog\/wp-json\/wp\/v2\/users\/3"}],"replies":[{"embeddable":true,"href":"https:\/\/www.sonnenklar.tv\/blog\/wp-json\/wp\/v2\/comments?post=23985"}],"version-history":[{"count":6,"href":"https:\/\/www.sonnenklar.tv\/blog\/wp-json\/wp\/v2\/pages\/23985\/revisions"}],"predecessor-version":[{"id":37626,"href":"https:\/\/www.sonnenklar.tv\/blog\/wp-json\/wp\/v2\/pages\/23985\/revisions\/37626"}],"up":[{"embeddable":true,"href":"https:\/\/www.sonnenklar.tv\/blog\/wp-json\/wp\/v2\/pages\/6051"}],"wp:attachment":[{"href":"https:\/\/www.sonnenklar.tv\/blog\/wp-json\/wp\/v2\/media?parent=23985"}],"curies":[{"name":"wp","href":"https:\/\/api.w.org\/{rel}","templated":true}]}}